{"id":60291,"date":"2025-11-26T19:06:16","date_gmt":"2025-11-26T18:06:16","guid":{"rendered":"https:\/\/www.hirtenberg-apotheke.at\/katalog\/produkt\/inulin-420mg-kapseln-3\/"},"modified":"2025-11-26T19:06:38","modified_gmt":"2025-11-26T18:06:38","slug":"inulin-420mg-kapseln-3","status":"publish","type":"product","link":"https:\/\/www.hirtenberg-apotheke.at\/katalog\/produkt\/inulin-420mg-kapseln-3\/","title":{"rendered":"Inulin 420mg Kapseln"},"content":{"rendered":"<p>Inulin 420 mg GPH Kapseln beeinflussen mit den pr\u00e4biotischen Eigenschaften des Inulins ein weites Spektrum von Abl\u00e4ufen im K\u00f6rper. Inulin f\u00f6rdert die Darmgesundheit und die vermehrte Bakterienbildung f\u00fchrt zu einer verbesserten L\u00f6slichkeit von Mineralien. Dies kann auch einen positiven Einfluss auf eine menopausal bedingte Osteoporose haben. Dieses Produkt erhalten Sie in den Packungsgr\u00f6\u00dfen 360 und 750 St\u00fcck.<\/p>\n","protected":false},"excerpt":{"rendered":"<p>Inulin 420 mg GPH Kapseln beeinflussen mit den pr\u00e4biotischen Eigenschaften des Inulins ein weites Spektrum von Abl\u00e4ufen im K\u00f6rper. Inulin f\u00f6rdert die Darmgesundheit und die vermehrte Bakterienbildung f\u00fchrt zu einer verbesserten L\u00f6slichkeit von Mineralien. Dies kann auch einen positiven Einfluss auf eine menopausal bedingte Osteoporose haben. Dieses Produkt erhalten Sie in den Packungsgr\u00f6\u00dfen 360 und [&hellip;]<\/p>\n","protected":false},"featured_media":60293,"template":"","meta":{"_acf_changed":false},"product_brand":[316],"product_cat":[370],"product_tag":[],"class_list":{"0":"post-60291","1":"product","2":"type-product","3":"status-publish","4":"has-post-thumbnail","6":"product_brand-gall-pharma","7":"product_cat-i","8":"pa_packungsgroesse-360-stueck","10":"first","11":"instock","12":"shipping-taxable","13":"purchasable","14":"product-type-simple"},"acf":[],"_links":{"self":[{"href":"https:\/\/www.hirtenberg-apotheke.at\/katalog\/wp-json\/wp\/v2\/product\/60291","targetHints":{"allow":["GET"]}}],"collection":[{"href":"https:\/\/www.hirtenberg-apotheke.at\/katalog\/wp-json\/wp\/v2\/product"}],"about":[{"href":"https:\/\/www.hirtenberg-apotheke.at\/katalog\/wp-json\/wp\/v2\/types\/product"}],"wp:featuredmedia":[{"embeddable":true,"href":"https:\/\/www.hirtenberg-apotheke.at\/katalog\/wp-json\/wp\/v2\/media\/60293"}],"wp:attachment":[{"href":"https:\/\/www.hirtenberg-apotheke.at\/katalog\/wp-json\/wp\/v2\/media?parent=60291"}],"wp:term":[{"taxonomy":"product_brand","embeddable":true,"href":"https:\/\/www.hirtenberg-apotheke.at\/katalog\/wp-json\/wp\/v2\/product_brand?post=60291"},{"taxonomy":"product_cat","embeddable":true,"href":"https:\/\/www.hirtenberg-apotheke.at\/katalog\/wp-json\/wp\/v2\/product_cat?post=60291"},{"taxonomy":"product_tag","embeddable":true,"href":"https:\/\/www.hirtenberg-apotheke.at\/katalog\/wp-json\/wp\/v2\/product_tag?post=60291"}],"curies":[{"name":"wp","href":"https:\/\/api.w.org\/{rel}","templated":true}]}}