{"id":61544,"date":"2025-11-26T19:30:48","date_gmt":"2025-11-26T18:30:48","guid":{"rendered":"https:\/\/www.hirtenberg-apotheke.at\/katalog\/produkt\/pflegeschaum-inkontinenz-dekub-500-ml\/"},"modified":"2025-11-26T19:31:09","modified_gmt":"2025-11-26T18:31:09","slug":"pflegeschaum-inkontinenz-dekub-500-ml","status":"publish","type":"product","link":"https:\/\/www.hirtenberg-apotheke.at\/katalog\/produkt\/pflegeschaum-inkontinenz-dekub-500-ml\/","title":{"rendered":"Pflegeschaum Inkontinenz \/dekub. 500 ml"},"content":{"rendered":"<p>Pflegeschaum Inkontinenz \/dekub. ist ein hautfreundlicher Schaum zur sanften wasserfreien Hautreinigung, insbesondere auch im Intimbereich. Seine Wirkstoffe wie Allantoin und D-Panthenol umh\u00fcllen die Haut mit einem feinen, pflegenden Schutzfilm. Angenehmes nat\u00fcrliches Zitrusaroma sorgt f\u00fcr einen erfrischenden Duft.<\/p>\n","protected":false},"excerpt":{"rendered":"<p>Pflegeschaum Inkontinenz \/dekub. ist ein hautfreundlicher Schaum zur sanften wasserfreien Hautreinigung, insbesondere auch im Intimbereich. Seine Wirkstoffe wie Allantoin und D-Panthenol umh\u00fcllen die Haut mit einem feinen, pflegenden Schutzfilm. Angenehmes nat\u00fcrliches Zitrusaroma sorgt f\u00fcr einen erfrischenden Duft.<\/p>\n","protected":false},"featured_media":0,"template":"","meta":{"_acf_changed":false},"product_brand":[],"product_cat":[302],"product_tag":[],"class_list":{"0":"post-61544","1":"product","2":"type-product","3":"status-publish","5":"product_cat-p","6":"pa_packungsgroesse-500ml","8":"first","9":"instock","10":"shipping-taxable","11":"purchasable","12":"product-type-simple"},"acf":[],"_links":{"self":[{"href":"https:\/\/www.hirtenberg-apotheke.at\/katalog\/wp-json\/wp\/v2\/product\/61544","targetHints":{"allow":["GET"]}}],"collection":[{"href":"https:\/\/www.hirtenberg-apotheke.at\/katalog\/wp-json\/wp\/v2\/product"}],"about":[{"href":"https:\/\/www.hirtenberg-apotheke.at\/katalog\/wp-json\/wp\/v2\/types\/product"}],"wp:attachment":[{"href":"https:\/\/www.hirtenberg-apotheke.at\/katalog\/wp-json\/wp\/v2\/media?parent=61544"}],"wp:term":[{"taxonomy":"product_brand","embeddable":true,"href":"https:\/\/www.hirtenberg-apotheke.at\/katalog\/wp-json\/wp\/v2\/product_brand?post=61544"},{"taxonomy":"product_cat","embeddable":true,"href":"https:\/\/www.hirtenberg-apotheke.at\/katalog\/wp-json\/wp\/v2\/product_cat?post=61544"},{"taxonomy":"product_tag","embeddable":true,"href":"https:\/\/www.hirtenberg-apotheke.at\/katalog\/wp-json\/wp\/v2\/product_tag?post=61544"}],"curies":[{"name":"wp","href":"https:\/\/api.w.org\/{rel}","templated":true}]}}