{"id":61546,"date":"2025-11-26T19:30:48","date_gmt":"2025-11-26T18:30:48","guid":{"rendered":"https:\/\/www.hirtenberg-apotheke.at\/katalog\/produkt\/neutrogena-visibly-clear-anti-akne-lichttherapie-stick-1-stk\/"},"modified":"2025-11-26T19:31:18","modified_gmt":"2025-11-26T18:31:18","slug":"neutrogena-visibly-clear-anti-akne-lichttherapie-stick-1-stk","status":"publish","type":"product","link":"https:\/\/www.hirtenberg-apotheke.at\/katalog\/produkt\/neutrogena-visibly-clear-anti-akne-lichttherapie-stick-1-stk\/","title":{"rendered":"Neutrogena visibly clear Anti- Akne Lichttherapie Stick 1 Stk."},"content":{"rendered":"<p>Der Neutrogena visibly clear Stick ist eine innovative Lichttherapie zur schnellen und effektiven Behandlung von Akne-Pickeln mit der Technologie aus der dermatologischen Praxis mit roten und blauen Strahlen. Das blaue Licht bek\u00e4mpft Akne verursachende Bakterien, w\u00e4hrend das rote Licht Entz\u00fcndungen reduziert. Da der Stick ohne UV-Strahlung und Chemikalien arbeitet wird die Haut nicht belastet oder gesch\u00e4digt und eine effiziente Behandlung von Akne von zuhause aus und in nur 2 Minuten erm\u00f6glicht &#8211; jetzt online vorbestellen und so die Vorteile einer Onlineapotheke nutzen mit der Sicherheit einer Standortapotheke!<\/p>\n","protected":false},"excerpt":{"rendered":"<p>Der Neutrogena visibly clear Stick ist eine innovative Lichttherapie zur schnellen und effektiven Behandlung von Akne-Pickeln mit der Technologie aus der dermatologischen Praxis mit roten und blauen Strahlen. Das blaue Licht bek\u00e4mpft Akne verursachende Bakterien, w\u00e4hrend das rote Licht Entz\u00fcndungen reduziert. Da der Stick ohne UV-Strahlung und Chemikalien arbeitet wird die Haut nicht belastet oder [&hellip;]<\/p>\n","protected":false},"featured_media":61548,"template":"","meta":{"_acf_changed":false},"product_brand":[762],"product_cat":[310],"product_tag":[],"class_list":{"0":"post-61546","1":"product","2":"type-product","3":"status-publish","4":"has-post-thumbnail","6":"product_brand-neutrogena","7":"product_cat-n","8":"pa_packungsgroesse-1-stueck","10":"first","11":"instock","12":"shipping-taxable","13":"purchasable","14":"product-type-simple"},"acf":[],"_links":{"self":[{"href":"https:\/\/www.hirtenberg-apotheke.at\/katalog\/wp-json\/wp\/v2\/product\/61546","targetHints":{"allow":["GET"]}}],"collection":[{"href":"https:\/\/www.hirtenberg-apotheke.at\/katalog\/wp-json\/wp\/v2\/product"}],"about":[{"href":"https:\/\/www.hirtenberg-apotheke.at\/katalog\/wp-json\/wp\/v2\/types\/product"}],"wp:featuredmedia":[{"embeddable":true,"href":"https:\/\/www.hirtenberg-apotheke.at\/katalog\/wp-json\/wp\/v2\/media\/61548"}],"wp:attachment":[{"href":"https:\/\/www.hirtenberg-apotheke.at\/katalog\/wp-json\/wp\/v2\/media?parent=61546"}],"wp:term":[{"taxonomy":"product_brand","embeddable":true,"href":"https:\/\/www.hirtenberg-apotheke.at\/katalog\/wp-json\/wp\/v2\/product_brand?post=61546"},{"taxonomy":"product_cat","embeddable":true,"href":"https:\/\/www.hirtenberg-apotheke.at\/katalog\/wp-json\/wp\/v2\/product_cat?post=61546"},{"taxonomy":"product_tag","embeddable":true,"href":"https:\/\/www.hirtenberg-apotheke.at\/katalog\/wp-json\/wp\/v2\/product_tag?post=61546"}],"curies":[{"name":"wp","href":"https:\/\/api.w.org\/{rel}","templated":true}]}}