{"id":61661,"date":"2025-11-26T19:32:46","date_gmt":"2025-11-26T18:32:46","guid":{"rendered":"https:\/\/www.hirtenberg-apotheke.at\/katalog\/produkt\/l-cystein-500mg-kapseln-2\/"},"modified":"2025-11-26T19:33:47","modified_gmt":"2025-11-26T18:33:47","slug":"l-cystein-500mg-kapseln-2","status":"publish","type":"product","link":"https:\/\/www.hirtenberg-apotheke.at\/katalog\/produkt\/l-cystein-500mg-kapseln-2\/","title":{"rendered":"L &#8211; Cystein 500mg Kapseln"},"content":{"rendered":"<p>Gall Pharma L-Cystin 500 mg Kapseln enthalten 500 mg L-Cystin in einer Hartgelatinekapsel. Haarverlust und Glatzk\u00f6pfigkeit sind oft auf einen Mangel an schwefelhaltigen Aminos\u00e4uren zur\u00fcckzuf\u00fchren, speziell auf L-Cystin. Ein Mangel an L-Cystin kann das Haarwachstum, den Eiwei\u00dfaufbau des Bindegewebes, sowie die Wundheilung beeintr\u00e4chtigen.<\/p>\n","protected":false},"excerpt":{"rendered":"<p>Gall Pharma L-Cystin 500 mg Kapseln enthalten 500 mg L-Cystin in einer Hartgelatinekapsel. Haarverlust und Glatzk\u00f6pfigkeit sind oft auf einen Mangel an schwefelhaltigen Aminos\u00e4uren zur\u00fcckzuf\u00fchren, speziell auf L-Cystin. Ein Mangel an L-Cystin kann das Haarwachstum, den Eiwei\u00dfaufbau des Bindegewebes, sowie die Wundheilung beeintr\u00e4chtigen.<\/p>\n","protected":false},"featured_media":0,"template":"","meta":{"_acf_changed":false},"product_brand":[316],"product_cat":[317],"product_tag":[],"class_list":{"0":"post-61661","1":"product","2":"type-product","3":"status-publish","5":"product_brand-gall-pharma","6":"product_cat-l","7":"pa_packungsgroesse-60-stueck","9":"first","10":"instock","11":"shipping-taxable","12":"purchasable","13":"product-type-simple"},"acf":[],"_links":{"self":[{"href":"https:\/\/www.hirtenberg-apotheke.at\/katalog\/wp-json\/wp\/v2\/product\/61661","targetHints":{"allow":["GET"]}}],"collection":[{"href":"https:\/\/www.hirtenberg-apotheke.at\/katalog\/wp-json\/wp\/v2\/product"}],"about":[{"href":"https:\/\/www.hirtenberg-apotheke.at\/katalog\/wp-json\/wp\/v2\/types\/product"}],"wp:attachment":[{"href":"https:\/\/www.hirtenberg-apotheke.at\/katalog\/wp-json\/wp\/v2\/media?parent=61661"}],"wp:term":[{"taxonomy":"product_brand","embeddable":true,"href":"https:\/\/www.hirtenberg-apotheke.at\/katalog\/wp-json\/wp\/v2\/product_brand?post=61661"},{"taxonomy":"product_cat","embeddable":true,"href":"https:\/\/www.hirtenberg-apotheke.at\/katalog\/wp-json\/wp\/v2\/product_cat?post=61661"},{"taxonomy":"product_tag","embeddable":true,"href":"https:\/\/www.hirtenberg-apotheke.at\/katalog\/wp-json\/wp\/v2\/product_tag?post=61661"}],"curies":[{"name":"wp","href":"https:\/\/api.w.org\/{rel}","templated":true}]}}