{"id":62388,"date":"2025-11-26T19:47:19","date_gmt":"2025-11-26T18:47:19","guid":{"rendered":"https:\/\/www.hirtenberg-apotheke.at\/katalog\/produkt\/roche-accutrend-lactate-bm-streifen-25-stk\/"},"modified":"2025-11-26T19:47:31","modified_gmt":"2025-11-26T18:47:31","slug":"roche-accutrend-lactate-bm-streifen-25-stk","status":"publish","type":"product","link":"https:\/\/www.hirtenberg-apotheke.at\/katalog\/produkt\/roche-accutrend-lactate-bm-streifen-25-stk\/","title":{"rendered":"Roche Accutrend Lactate BM Streifen 25 Stk."},"content":{"rendered":"<p>Roche Accutrend Plus System: Hohe Genaugigkeit und Pr\u00e4zision, Automatische Leistungs- und Messger\u00e4tekontrollen, Barcodes f\u00fcr chargenspezifische Kalibrierungsdaten, Komfortable Bestimmung der Parameter, Aufbewahrung der Teststreifen bei Zimmertemperatur und Benutzerfreundliche Speicherfunktion.<\/p>\n","protected":false},"excerpt":{"rendered":"<p>Roche Accutrend Plus System: Hohe Genaugigkeit und Pr\u00e4zision, Automatische Leistungs- und Messger\u00e4tekontrollen, Barcodes f\u00fcr chargenspezifische Kalibrierungsdaten, Komfortable Bestimmung der Parameter, Aufbewahrung der Teststreifen bei Zimmertemperatur und Benutzerfreundliche Speicherfunktion.<\/p>\n","protected":false},"featured_media":0,"template":"","meta":{"_acf_changed":false},"product_brand":[],"product_cat":[311],"product_tag":[],"class_list":{"0":"post-62388","1":"product","2":"type-product","3":"status-publish","5":"product_cat-r","6":"pa_packungsgroesse-25-stueck","8":"first","9":"instock","10":"shipping-taxable","11":"purchasable","12":"product-type-simple"},"acf":[],"_links":{"self":[{"href":"https:\/\/www.hirtenberg-apotheke.at\/katalog\/wp-json\/wp\/v2\/product\/62388","targetHints":{"allow":["GET"]}}],"collection":[{"href":"https:\/\/www.hirtenberg-apotheke.at\/katalog\/wp-json\/wp\/v2\/product"}],"about":[{"href":"https:\/\/www.hirtenberg-apotheke.at\/katalog\/wp-json\/wp\/v2\/types\/product"}],"wp:attachment":[{"href":"https:\/\/www.hirtenberg-apotheke.at\/katalog\/wp-json\/wp\/v2\/media?parent=62388"}],"wp:term":[{"taxonomy":"product_brand","embeddable":true,"href":"https:\/\/www.hirtenberg-apotheke.at\/katalog\/wp-json\/wp\/v2\/product_brand?post=62388"},{"taxonomy":"product_cat","embeddable":true,"href":"https:\/\/www.hirtenberg-apotheke.at\/katalog\/wp-json\/wp\/v2\/product_cat?post=62388"},{"taxonomy":"product_tag","embeddable":true,"href":"https:\/\/www.hirtenberg-apotheke.at\/katalog\/wp-json\/wp\/v2\/product_tag?post=62388"}],"curies":[{"name":"wp","href":"https:\/\/api.w.org\/{rel}","templated":true}]}}