{"id":62509,"date":"2025-11-26T19:49:26","date_gmt":"2025-11-26T18:49:26","guid":{"rendered":"https:\/\/www.hirtenberg-apotheke.at\/katalog\/produkt\/life-light-chlorella-mikroalgen-tabletten-nachfuellung-360-stk\/"},"modified":"2025-11-26T19:49:55","modified_gmt":"2025-11-26T18:49:55","slug":"life-light-chlorella-mikroalgen-tabletten-nachfuellung-360-stk","status":"publish","type":"product","link":"https:\/\/www.hirtenberg-apotheke.at\/katalog\/produkt\/life-light-chlorella-mikroalgen-tabletten-nachfuellung-360-stk\/","title":{"rendered":"Life Light Chlorella Mikroalgen Tabletten Nachf\u00fcllung 360 Stk."},"content":{"rendered":"<p>Life Light Chlorella Mikroalgen Tabletten sind ein sehr n\u00e4hrstoffreiches und chlorophyllreiches, natu?rliches Nahrungserg\u00e4nzungsmittel. Die Mikroalge Chlorella ist in allerlei Hinsicht ein einzigartiges Lebensmittel. Neben ihrer entgiftenden Eigenschaft unterst\u00fctzt die Chlorella-Alge unseren K\u00f6rper und unser Gehirn in nahezu allen Belangen.<\/p>\n","protected":false},"excerpt":{"rendered":"<p>Life Light Chlorella Mikroalgen Tabletten sind ein sehr n\u00e4hrstoffreiches und chlorophyllreiches, natu?rliches Nahrungserg\u00e4nzungsmittel. Die Mikroalge Chlorella ist in allerlei Hinsicht ein einzigartiges Lebensmittel. Neben ihrer entgiftenden Eigenschaft unterst\u00fctzt die Chlorella-Alge unseren K\u00f6rper und unser Gehirn in nahezu allen Belangen.<\/p>\n","protected":false},"featured_media":62511,"template":"","meta":{"_acf_changed":false},"product_brand":[],"product_cat":[317],"product_tag":[],"class_list":{"0":"post-62509","1":"product","2":"type-product","3":"status-publish","4":"has-post-thumbnail","6":"product_cat-l","7":"pa_packungsgroesse-360-stueck","9":"first","10":"instock","11":"shipping-taxable","12":"purchasable","13":"product-type-simple"},"acf":[],"_links":{"self":[{"href":"https:\/\/www.hirtenberg-apotheke.at\/katalog\/wp-json\/wp\/v2\/product\/62509","targetHints":{"allow":["GET"]}}],"collection":[{"href":"https:\/\/www.hirtenberg-apotheke.at\/katalog\/wp-json\/wp\/v2\/product"}],"about":[{"href":"https:\/\/www.hirtenberg-apotheke.at\/katalog\/wp-json\/wp\/v2\/types\/product"}],"wp:featuredmedia":[{"embeddable":true,"href":"https:\/\/www.hirtenberg-apotheke.at\/katalog\/wp-json\/wp\/v2\/media\/62511"}],"wp:attachment":[{"href":"https:\/\/www.hirtenberg-apotheke.at\/katalog\/wp-json\/wp\/v2\/media?parent=62509"}],"wp:term":[{"taxonomy":"product_brand","embeddable":true,"href":"https:\/\/www.hirtenberg-apotheke.at\/katalog\/wp-json\/wp\/v2\/product_brand?post=62509"},{"taxonomy":"product_cat","embeddable":true,"href":"https:\/\/www.hirtenberg-apotheke.at\/katalog\/wp-json\/wp\/v2\/product_cat?post=62509"},{"taxonomy":"product_tag","embeddable":true,"href":"https:\/\/www.hirtenberg-apotheke.at\/katalog\/wp-json\/wp\/v2\/product_tag?post=62509"}],"curies":[{"name":"wp","href":"https:\/\/api.w.org\/{rel}","templated":true}]}}