{"id":62548,"date":"2025-11-26T19:50:09","date_gmt":"2025-11-26T18:50:09","guid":{"rendered":"https:\/\/www.hirtenberg-apotheke.at\/katalog\/produkt\/korea-ginseng-kapseln-junek-180-stk\/"},"modified":"2025-11-26T19:50:35","modified_gmt":"2025-11-26T18:50:35","slug":"korea-ginseng-kapseln-junek-180-stk","status":"publish","type":"product","link":"https:\/\/www.hirtenberg-apotheke.at\/katalog\/produkt\/korea-ginseng-kapseln-junek-180-stk\/","title":{"rendered":"Korea Ginseng Kapseln Junek 180 Stk."},"content":{"rendered":"<p>Korea Ginseng Junek Kapseln enthalten 90 mg Trockenextrakt aus Ginsengwurzel in einer Weichgelatinekapsel. Die Anwendung von den Kapseln ist empfehlenswert als tonisierend wirkendes Nahrungserg\u00e4nzungsmittel bei M\u00fcdigkeit, Konzentrationsst\u00f6rungen, in der Rekonvaleszenz und zur Steigerung der Leistungsf\u00e4higkeit. Dieses Produkt erhalten Sie in den Packungsgr\u00f6\u00dfen 60 und 180 St\u00fcck. Jetzt bestellen und je 1 Tagesportion Orthomol Immun gratis erhalten!<\/p>\n","protected":false},"excerpt":{"rendered":"<p>Korea Ginseng Junek Kapseln enthalten 90 mg Trockenextrakt aus Ginsengwurzel in einer Weichgelatinekapsel. Die Anwendung von den Kapseln ist empfehlenswert als tonisierend wirkendes Nahrungserg\u00e4nzungsmittel bei M\u00fcdigkeit, Konzentrationsst\u00f6rungen, in der Rekonvaleszenz und zur Steigerung der Leistungsf\u00e4higkeit. Dieses Produkt erhalten Sie in den Packungsgr\u00f6\u00dfen 60 und 180 St\u00fcck. Jetzt bestellen und je 1 Tagesportion Orthomol Immun gratis [&hellip;]<\/p>\n","protected":false},"featured_media":0,"template":"","meta":{"_acf_changed":false},"product_brand":[],"product_cat":[387],"product_tag":[],"class_list":{"0":"post-62548","1":"product","2":"type-product","3":"status-publish","5":"product_cat-k","6":"pa_packungsgroesse-180-stueck","8":"first","9":"instock","10":"shipping-taxable","11":"purchasable","12":"product-type-simple"},"acf":[],"_links":{"self":[{"href":"https:\/\/www.hirtenberg-apotheke.at\/katalog\/wp-json\/wp\/v2\/product\/62548","targetHints":{"allow":["GET"]}}],"collection":[{"href":"https:\/\/www.hirtenberg-apotheke.at\/katalog\/wp-json\/wp\/v2\/product"}],"about":[{"href":"https:\/\/www.hirtenberg-apotheke.at\/katalog\/wp-json\/wp\/v2\/types\/product"}],"wp:attachment":[{"href":"https:\/\/www.hirtenberg-apotheke.at\/katalog\/wp-json\/wp\/v2\/media?parent=62548"}],"wp:term":[{"taxonomy":"product_brand","embeddable":true,"href":"https:\/\/www.hirtenberg-apotheke.at\/katalog\/wp-json\/wp\/v2\/product_brand?post=62548"},{"taxonomy":"product_cat","embeddable":true,"href":"https:\/\/www.hirtenberg-apotheke.at\/katalog\/wp-json\/wp\/v2\/product_cat?post=62548"},{"taxonomy":"product_tag","embeddable":true,"href":"https:\/\/www.hirtenberg-apotheke.at\/katalog\/wp-json\/wp\/v2\/product_tag?post=62548"}],"curies":[{"name":"wp","href":"https:\/\/api.w.org\/{rel}","templated":true}]}}