{"id":62640,"date":"2025-11-26T19:52:08","date_gmt":"2025-11-26T18:52:08","guid":{"rendered":"https:\/\/www.hirtenberg-apotheke.at\/katalog\/produkt\/hansaplast-universal-grosspackung-19-x-72cm-100-stk\/"},"modified":"2025-11-26T19:52:30","modified_gmt":"2025-11-26T18:52:30","slug":"hansaplast-universal-grosspackung-19-x-72cm-100-stk","status":"publish","type":"product","link":"https:\/\/www.hirtenberg-apotheke.at\/katalog\/produkt\/hansaplast-universal-grosspackung-19-x-72cm-100-stk\/","title":{"rendered":"Hansaplast Universal Gro\u00dfpackung  1,9 x 7,2cm 100 Stk."},"content":{"rendered":"<p>Hansaplast Universal besteht aus wasser- und schmutzabweisendem, aber gleichzeitig hautfreundlichem, atmungsaktivem Material und ist zur Versorgung kleiner Verletzungen geeignet, besonders wenn Verletzungen Schmutz und Feuchtigkeit ausgesetzt sind. Dank starker Klebkraft sch\u00fctzt es die Wunde zuverl\u00e4ssig. Die nicht verklebende Wundauflage sch\u00fctzt und polstert die Wunde.<\/p>\n","protected":false},"excerpt":{"rendered":"<p>Hansaplast Universal besteht aus wasser- und schmutzabweisendem, aber gleichzeitig hautfreundlichem, atmungsaktivem Material und ist zur Versorgung kleiner Verletzungen geeignet, besonders wenn Verletzungen Schmutz und Feuchtigkeit ausgesetzt sind. Dank starker Klebkraft sch\u00fctzt es die Wunde zuverl\u00e4ssig. Die nicht verklebende Wundauflage sch\u00fctzt und polstert die Wunde.<\/p>\n","protected":false},"featured_media":62642,"template":"","meta":{"_acf_changed":false},"product_brand":[470],"product_cat":[330],"product_tag":[],"class_list":{"0":"post-62640","1":"product","2":"type-product","3":"status-publish","4":"has-post-thumbnail","6":"product_brand-hansaplast","7":"product_cat-h","8":"pa_packungsgroesse-100-stueck","10":"first","11":"instock","12":"shipping-taxable","13":"purchasable","14":"product-type-simple"},"acf":[],"_links":{"self":[{"href":"https:\/\/www.hirtenberg-apotheke.at\/katalog\/wp-json\/wp\/v2\/product\/62640","targetHints":{"allow":["GET"]}}],"collection":[{"href":"https:\/\/www.hirtenberg-apotheke.at\/katalog\/wp-json\/wp\/v2\/product"}],"about":[{"href":"https:\/\/www.hirtenberg-apotheke.at\/katalog\/wp-json\/wp\/v2\/types\/product"}],"wp:featuredmedia":[{"embeddable":true,"href":"https:\/\/www.hirtenberg-apotheke.at\/katalog\/wp-json\/wp\/v2\/media\/62642"}],"wp:attachment":[{"href":"https:\/\/www.hirtenberg-apotheke.at\/katalog\/wp-json\/wp\/v2\/media?parent=62640"}],"wp:term":[{"taxonomy":"product_brand","embeddable":true,"href":"https:\/\/www.hirtenberg-apotheke.at\/katalog\/wp-json\/wp\/v2\/product_brand?post=62640"},{"taxonomy":"product_cat","embeddable":true,"href":"https:\/\/www.hirtenberg-apotheke.at\/katalog\/wp-json\/wp\/v2\/product_cat?post=62640"},{"taxonomy":"product_tag","embeddable":true,"href":"https:\/\/www.hirtenberg-apotheke.at\/katalog\/wp-json\/wp\/v2\/product_tag?post=62640"}],"curies":[{"name":"wp","href":"https:\/\/api.w.org\/{rel}","templated":true}]}}