{"id":63004,"date":"2025-11-26T19:59:07","date_gmt":"2025-11-26T18:59:07","guid":{"rendered":"https:\/\/www.hirtenberg-apotheke.at\/katalog\/produkt\/contam-inkontinenz-tampons-extra-5-stk\/"},"modified":"2025-11-26T19:59:20","modified_gmt":"2025-11-26T18:59:20","slug":"contam-inkontinenz-tampons-extra-5-stk","status":"publish","type":"product","link":"https:\/\/www.hirtenberg-apotheke.at\/katalog\/produkt\/contam-inkontinenz-tampons-extra-5-stk\/","title":{"rendered":"Contam Inkontinenz Tampons Extra 5 Stk."},"content":{"rendered":"<p>Contam Inkontinenz Tampons Extra 5 Stk. zur Selbstvesorgung bei Blasenschw\u00e4che und unfreiwilligem Harnverlust bei Lachen, Husten, Niesen, etc. Contam wird bei Belastungs-Inkontinenz und zur St\u00e4rkung und Aktivierung der Beckenbodenmuskulatur verwendet. Die Ausf\u00fchrung &#8222;Extra&#8220; hat einen Durchmesser von 33 mm.<\/p>\n","protected":false},"excerpt":{"rendered":"<p>Contam Inkontinenz Tampons Extra 5 Stk. zur Selbstvesorgung bei Blasenschw\u00e4che und unfreiwilligem Harnverlust bei Lachen, Husten, Niesen, etc. Contam wird bei Belastungs-Inkontinenz und zur St\u00e4rkung und Aktivierung der Beckenbodenmuskulatur verwendet. Die Ausf\u00fchrung &#8222;Extra&#8220; hat einen Durchmesser von 33 mm.<\/p>\n","protected":false},"featured_media":0,"template":"","meta":{"_acf_changed":false},"product_brand":[],"product_cat":[337],"product_tag":[],"class_list":{"0":"post-63004","1":"product","2":"type-product","3":"status-publish","5":"product_cat-c","6":"pa_packungsgroesse-5-stueck","8":"first","9":"instock","10":"shipping-taxable","11":"purchasable","12":"product-type-simple"},"acf":[],"_links":{"self":[{"href":"https:\/\/www.hirtenberg-apotheke.at\/katalog\/wp-json\/wp\/v2\/product\/63004","targetHints":{"allow":["GET"]}}],"collection":[{"href":"https:\/\/www.hirtenberg-apotheke.at\/katalog\/wp-json\/wp\/v2\/product"}],"about":[{"href":"https:\/\/www.hirtenberg-apotheke.at\/katalog\/wp-json\/wp\/v2\/types\/product"}],"wp:attachment":[{"href":"https:\/\/www.hirtenberg-apotheke.at\/katalog\/wp-json\/wp\/v2\/media?parent=63004"}],"wp:term":[{"taxonomy":"product_brand","embeddable":true,"href":"https:\/\/www.hirtenberg-apotheke.at\/katalog\/wp-json\/wp\/v2\/product_brand?post=63004"},{"taxonomy":"product_cat","embeddable":true,"href":"https:\/\/www.hirtenberg-apotheke.at\/katalog\/wp-json\/wp\/v2\/product_cat?post=63004"},{"taxonomy":"product_tag","embeddable":true,"href":"https:\/\/www.hirtenberg-apotheke.at\/katalog\/wp-json\/wp\/v2\/product_tag?post=63004"}],"curies":[{"name":"wp","href":"https:\/\/api.w.org\/{rel}","templated":true}]}}