{"id":63026,"date":"2025-11-26T19:59:41","date_gmt":"2025-11-26T18:59:41","guid":{"rendered":"https:\/\/www.hirtenberg-apotheke.at\/katalog\/produkt\/ice-power-magnesium-in-strong-creme-90-g\/"},"modified":"2025-11-26T19:59:51","modified_gmt":"2025-11-26T18:59:51","slug":"ice-power-magnesium-in-strong-creme-90-g","status":"publish","type":"product","link":"https:\/\/www.hirtenberg-apotheke.at\/katalog\/produkt\/ice-power-magnesium-in-strong-creme-90-g\/","title":{"rendered":"Ice Power Magnesium In Strong Creme 90 g"},"content":{"rendered":"<p>K\u00fchlende Creme f\u00fcr das Wohlbefinden Ihrer Muskeln. Lindert Muskelkr\u00e4mpfe und Muskelschmerzen und deckt den Magnesiumbedarf ab. Kann ebenfalls zusammen mit Magnesium-Nahrungserg\u00e4nzungsmittel verwendet werden.<\/p>\n","protected":false},"excerpt":{"rendered":"<p>K\u00fchlende Creme f\u00fcr das Wohlbefinden Ihrer Muskeln. Lindert Muskelkr\u00e4mpfe und Muskelschmerzen und deckt den Magnesiumbedarf ab. Kann ebenfalls zusammen mit Magnesium-Nahrungserg\u00e4nzungsmittel verwendet werden.<\/p>\n","protected":false},"featured_media":63028,"template":"","meta":{"_acf_changed":false},"product_brand":[],"product_cat":[370],"product_tag":[],"class_list":{"0":"post-63026","1":"product","2":"type-product","3":"status-publish","4":"has-post-thumbnail","6":"product_cat-i","7":"pa_packungsgroesse-90g","9":"first","10":"instock","11":"shipping-taxable","12":"purchasable","13":"product-type-simple"},"acf":[],"_links":{"self":[{"href":"https:\/\/www.hirtenberg-apotheke.at\/katalog\/wp-json\/wp\/v2\/product\/63026","targetHints":{"allow":["GET"]}}],"collection":[{"href":"https:\/\/www.hirtenberg-apotheke.at\/katalog\/wp-json\/wp\/v2\/product"}],"about":[{"href":"https:\/\/www.hirtenberg-apotheke.at\/katalog\/wp-json\/wp\/v2\/types\/product"}],"wp:featuredmedia":[{"embeddable":true,"href":"https:\/\/www.hirtenberg-apotheke.at\/katalog\/wp-json\/wp\/v2\/media\/63028"}],"wp:attachment":[{"href":"https:\/\/www.hirtenberg-apotheke.at\/katalog\/wp-json\/wp\/v2\/media?parent=63026"}],"wp:term":[{"taxonomy":"product_brand","embeddable":true,"href":"https:\/\/www.hirtenberg-apotheke.at\/katalog\/wp-json\/wp\/v2\/product_brand?post=63026"},{"taxonomy":"product_cat","embeddable":true,"href":"https:\/\/www.hirtenberg-apotheke.at\/katalog\/wp-json\/wp\/v2\/product_cat?post=63026"},{"taxonomy":"product_tag","embeddable":true,"href":"https:\/\/www.hirtenberg-apotheke.at\/katalog\/wp-json\/wp\/v2\/product_tag?post=63026"}],"curies":[{"name":"wp","href":"https:\/\/api.w.org\/{rel}","templated":true}]}}