{"id":63567,"date":"2025-11-26T20:10:05","date_gmt":"2025-11-26T19:10:05","guid":{"rendered":"https:\/\/www.hirtenberg-apotheke.at\/katalog\/produkt\/rausch-herzsamen-sensitive-spuelung-30-ml\/"},"modified":"2025-11-26T20:10:26","modified_gmt":"2025-11-26T19:10:26","slug":"rausch-herzsamen-sensitive-spuelung-30-ml","status":"publish","type":"product","link":"https:\/\/www.hirtenberg-apotheke.at\/katalog\/produkt\/rausch-herzsamen-sensitive-spuelung-30-ml\/","title":{"rendered":"Rausch Herzsamen Sensitive Sp\u00fclung 30 ml"},"content":{"rendered":"<p>Rausch\u00ae Herzsamen Sensitive Sp\u00fclung sorgt f\u00fcr die optimale Balance der hochsensiblen Kopfhaut und st\u00e4rkt die hauteigene Schutzbarriere. Wirkt reizmildernd, beruhigend und feuchtigkeitsspendend.<\/p>\n","protected":false},"excerpt":{"rendered":"<p>Rausch\u00ae Herzsamen Sensitive Sp\u00fclung sorgt f\u00fcr die optimale Balance der hochsensiblen Kopfhaut und st\u00e4rkt die hauteigene Schutzbarriere. Wirkt reizmildernd, beruhigend und feuchtigkeitsspendend.<\/p>\n","protected":false},"featured_media":63569,"template":"","meta":{"_acf_changed":false},"product_brand":[638],"product_cat":[311],"product_tag":[],"class_list":{"0":"post-63567","1":"product","2":"type-product","3":"status-publish","4":"has-post-thumbnail","6":"product_brand-rausch","7":"product_cat-r","8":"pa_packungsgroesse-30ml","10":"first","11":"instock","12":"shipping-taxable","13":"purchasable","14":"product-type-simple"},"acf":[],"_links":{"self":[{"href":"https:\/\/www.hirtenberg-apotheke.at\/katalog\/wp-json\/wp\/v2\/product\/63567","targetHints":{"allow":["GET"]}}],"collection":[{"href":"https:\/\/www.hirtenberg-apotheke.at\/katalog\/wp-json\/wp\/v2\/product"}],"about":[{"href":"https:\/\/www.hirtenberg-apotheke.at\/katalog\/wp-json\/wp\/v2\/types\/product"}],"wp:featuredmedia":[{"embeddable":true,"href":"https:\/\/www.hirtenberg-apotheke.at\/katalog\/wp-json\/wp\/v2\/media\/63569"}],"wp:attachment":[{"href":"https:\/\/www.hirtenberg-apotheke.at\/katalog\/wp-json\/wp\/v2\/media?parent=63567"}],"wp:term":[{"taxonomy":"product_brand","embeddable":true,"href":"https:\/\/www.hirtenberg-apotheke.at\/katalog\/wp-json\/wp\/v2\/product_brand?post=63567"},{"taxonomy":"product_cat","embeddable":true,"href":"https:\/\/www.hirtenberg-apotheke.at\/katalog\/wp-json\/wp\/v2\/product_cat?post=63567"},{"taxonomy":"product_tag","embeddable":true,"href":"https:\/\/www.hirtenberg-apotheke.at\/katalog\/wp-json\/wp\/v2\/product_tag?post=63567"}],"curies":[{"name":"wp","href":"https:\/\/api.w.org\/{rel}","templated":true}]}}