{"id":63907,"date":"2025-11-26T20:16:50","date_gmt":"2025-11-26T19:16:50","guid":{"rendered":"https:\/\/www.hirtenberg-apotheke.at\/katalog\/produkt\/shiitake-vital-400mg-kapseln\/"},"modified":"2025-11-26T20:17:05","modified_gmt":"2025-11-26T19:17:05","slug":"shiitake-vital-400mg-kapseln","status":"publish","type":"product","link":"https:\/\/www.hirtenberg-apotheke.at\/katalog\/produkt\/shiitake-vital-400mg-kapseln\/","title":{"rendered":"Shiitake Vital 400mg Kapseln"},"content":{"rendered":"<p>Shiitake 400 mg Vital GPH Kapseln enthalten ein Shiitake Pilzextrakt. Der Shiitake Pilz hat gro\u00dfes Potenzial freie Radikale aufzufangen, kann arteriosklerotische Abl\u00e4ufe im K\u00f6rper eind\u00e4mmen und wirkt sich aufgrund seiner immunmodulierenden Eigenschaft g\u00fcnstig auf Menschen mit geschw\u00e4chtem Immunsystem aus. Durch seine Vielzahl an Vitaminen und Mineralstoffen kann der Shiitake Pilz zudem zur N\u00e4hrstoffversorgung des Organismus beitragen.<\/p>\n","protected":false},"excerpt":{"rendered":"<p>Shiitake 400 mg Vital GPH Kapseln enthalten ein Shiitake Pilzextrakt. Der Shiitake Pilz hat gro\u00dfes Potenzial freie Radikale aufzufangen, kann arteriosklerotische Abl\u00e4ufe im K\u00f6rper eind\u00e4mmen und wirkt sich aufgrund seiner immunmodulierenden Eigenschaft g\u00fcnstig auf Menschen mit geschw\u00e4chtem Immunsystem aus. Durch seine Vielzahl an Vitaminen und Mineralstoffen kann der Shiitake Pilz zudem zur N\u00e4hrstoffversorgung des Organismus [&hellip;]<\/p>\n","protected":false},"featured_media":63909,"template":"","meta":{"_acf_changed":false},"product_brand":[316],"product_cat":[303],"product_tag":[],"class_list":{"0":"post-63907","1":"product","2":"type-product","3":"status-publish","4":"has-post-thumbnail","6":"product_brand-gall-pharma","7":"product_cat-s","8":"pa_packungsgroesse-60-stueck","10":"first","11":"instock","12":"shipping-taxable","13":"purchasable","14":"product-type-simple"},"acf":[],"_links":{"self":[{"href":"https:\/\/www.hirtenberg-apotheke.at\/katalog\/wp-json\/wp\/v2\/product\/63907","targetHints":{"allow":["GET"]}}],"collection":[{"href":"https:\/\/www.hirtenberg-apotheke.at\/katalog\/wp-json\/wp\/v2\/product"}],"about":[{"href":"https:\/\/www.hirtenberg-apotheke.at\/katalog\/wp-json\/wp\/v2\/types\/product"}],"wp:featuredmedia":[{"embeddable":true,"href":"https:\/\/www.hirtenberg-apotheke.at\/katalog\/wp-json\/wp\/v2\/media\/63909"}],"wp:attachment":[{"href":"https:\/\/www.hirtenberg-apotheke.at\/katalog\/wp-json\/wp\/v2\/media?parent=63907"}],"wp:term":[{"taxonomy":"product_brand","embeddable":true,"href":"https:\/\/www.hirtenberg-apotheke.at\/katalog\/wp-json\/wp\/v2\/product_brand?post=63907"},{"taxonomy":"product_cat","embeddable":true,"href":"https:\/\/www.hirtenberg-apotheke.at\/katalog\/wp-json\/wp\/v2\/product_cat?post=63907"},{"taxonomy":"product_tag","embeddable":true,"href":"https:\/\/www.hirtenberg-apotheke.at\/katalog\/wp-json\/wp\/v2\/product_tag?post=63907"}],"curies":[{"name":"wp","href":"https:\/\/api.w.org\/{rel}","templated":true}]}}