{"id":63932,"date":"2025-11-26T20:17:23","date_gmt":"2025-11-26T19:17:23","guid":{"rendered":"https:\/\/www.hirtenberg-apotheke.at\/katalog\/produkt\/magnesium-chelat-75mg-kapseln\/"},"modified":"2025-11-26T20:17:31","modified_gmt":"2025-11-26T19:17:31","slug":"magnesium-chelat-75mg-kapseln","status":"publish","type":"product","link":"https:\/\/www.hirtenberg-apotheke.at\/katalog\/produkt\/magnesium-chelat-75mg-kapseln\/","title":{"rendered":"Magnesium Chelat 75mg Kapseln"},"content":{"rendered":"<p>Magnesium Chelat 75 mg GPH Kapseln enthalten Magnesium, das zu einer Verringerung von M\u00fcdigkeit und Erm\u00fcdung, zu einem normalen Energiestoffwechsel, einer normalen Funktion des Nervensystems, einer normalen Muskelfunktion, Eiwei\u00dfsynthese und psychischen Funktion sowie zur Erhaltung normaler Knochen und Z\u00e4hne beitr\u00e4gt. Eine Nahrungserg\u00e4nzung mit Magnesium kann sinnvoll sein f\u00fcr Sportler, vor allem bei Ausdauersportarten, da durch starkes Schwitzen mehr Magnesium verloren geht. Auch im Alter und w\u00e4hrend des Wachstums steigt der Magnesiumbedarf.<\/p>\n","protected":false},"excerpt":{"rendered":"<p>Magnesium Chelat 75 mg GPH Kapseln enthalten Magnesium, das zu einer Verringerung von M\u00fcdigkeit und Erm\u00fcdung, zu einem normalen Energiestoffwechsel, einer normalen Funktion des Nervensystems, einer normalen Muskelfunktion, Eiwei\u00dfsynthese und psychischen Funktion sowie zur Erhaltung normaler Knochen und Z\u00e4hne beitr\u00e4gt. Eine Nahrungserg\u00e4nzung mit Magnesium kann sinnvoll sein f\u00fcr Sportler, vor allem bei Ausdauersportarten, da durch [&hellip;]<\/p>\n","protected":false},"featured_media":63934,"template":"","meta":{"_acf_changed":false},"product_brand":[316],"product_cat":[308],"product_tag":[],"class_list":{"0":"post-63932","1":"product","2":"type-product","3":"status-publish","4":"has-post-thumbnail","6":"product_brand-gall-pharma","7":"product_cat-m","8":"pa_packungsgroesse-90-stueck","10":"first","11":"instock","12":"shipping-taxable","13":"purchasable","14":"product-type-simple"},"acf":[],"_links":{"self":[{"href":"https:\/\/www.hirtenberg-apotheke.at\/katalog\/wp-json\/wp\/v2\/product\/63932","targetHints":{"allow":["GET"]}}],"collection":[{"href":"https:\/\/www.hirtenberg-apotheke.at\/katalog\/wp-json\/wp\/v2\/product"}],"about":[{"href":"https:\/\/www.hirtenberg-apotheke.at\/katalog\/wp-json\/wp\/v2\/types\/product"}],"wp:featuredmedia":[{"embeddable":true,"href":"https:\/\/www.hirtenberg-apotheke.at\/katalog\/wp-json\/wp\/v2\/media\/63934"}],"wp:attachment":[{"href":"https:\/\/www.hirtenberg-apotheke.at\/katalog\/wp-json\/wp\/v2\/media?parent=63932"}],"wp:term":[{"taxonomy":"product_brand","embeddable":true,"href":"https:\/\/www.hirtenberg-apotheke.at\/katalog\/wp-json\/wp\/v2\/product_brand?post=63932"},{"taxonomy":"product_cat","embeddable":true,"href":"https:\/\/www.hirtenberg-apotheke.at\/katalog\/wp-json\/wp\/v2\/product_cat?post=63932"},{"taxonomy":"product_tag","embeddable":true,"href":"https:\/\/www.hirtenberg-apotheke.at\/katalog\/wp-json\/wp\/v2\/product_tag?post=63932"}],"curies":[{"name":"wp","href":"https:\/\/api.w.org\/{rel}","templated":true}]}}