{"id":64454,"date":"2025-11-26T20:25:35","date_gmt":"2025-11-26T19:25:35","guid":{"rendered":"https:\/\/www.hirtenberg-apotheke.at\/katalog\/produkt\/megamax-l-glutamin-pulver-500-g\/"},"modified":"2025-11-26T20:26:09","modified_gmt":"2025-11-26T19:26:09","slug":"megamax-l-glutamin-pulver-500-g","status":"publish","type":"product","link":"https:\/\/www.hirtenberg-apotheke.at\/katalog\/produkt\/megamax-l-glutamin-pulver-500-g\/","title":{"rendered":"Megamax L-Glutamin Pulver 500 g"},"content":{"rendered":"<p>Megamax wurde von Apothekern, \u00c4rzten und Ern\u00e4hrungswissenschaftlern nach neuesten wissenschaftlichen Erkenntnissen entwickelt und bietet Sportlernahrung und Di\u00e4tprodukte in pharmazeutischer Qualit\u00e4t.<\/p>\n","protected":false},"excerpt":{"rendered":"<p>Megamax wurde von Apothekern, \u00c4rzten und Ern\u00e4hrungswissenschaftlern nach neuesten wissenschaftlichen Erkenntnissen entwickelt und bietet Sportlernahrung und Di\u00e4tprodukte in pharmazeutischer Qualit\u00e4t.<\/p>\n","protected":false},"featured_media":64456,"template":"","meta":{"_acf_changed":false},"product_brand":[],"product_cat":[308],"product_tag":[],"class_list":{"0":"post-64454","1":"product","2":"type-product","3":"status-publish","4":"has-post-thumbnail","6":"product_cat-m","7":"pa_packungsgroesse-500g","9":"first","10":"instock","11":"shipping-taxable","12":"purchasable","13":"product-type-simple"},"acf":[],"_links":{"self":[{"href":"https:\/\/www.hirtenberg-apotheke.at\/katalog\/wp-json\/wp\/v2\/product\/64454","targetHints":{"allow":["GET"]}}],"collection":[{"href":"https:\/\/www.hirtenberg-apotheke.at\/katalog\/wp-json\/wp\/v2\/product"}],"about":[{"href":"https:\/\/www.hirtenberg-apotheke.at\/katalog\/wp-json\/wp\/v2\/types\/product"}],"wp:featuredmedia":[{"embeddable":true,"href":"https:\/\/www.hirtenberg-apotheke.at\/katalog\/wp-json\/wp\/v2\/media\/64456"}],"wp:attachment":[{"href":"https:\/\/www.hirtenberg-apotheke.at\/katalog\/wp-json\/wp\/v2\/media?parent=64454"}],"wp:term":[{"taxonomy":"product_brand","embeddable":true,"href":"https:\/\/www.hirtenberg-apotheke.at\/katalog\/wp-json\/wp\/v2\/product_brand?post=64454"},{"taxonomy":"product_cat","embeddable":true,"href":"https:\/\/www.hirtenberg-apotheke.at\/katalog\/wp-json\/wp\/v2\/product_cat?post=64454"},{"taxonomy":"product_tag","embeddable":true,"href":"https:\/\/www.hirtenberg-apotheke.at\/katalog\/wp-json\/wp\/v2\/product_tag?post=64454"}],"curies":[{"name":"wp","href":"https:\/\/api.w.org\/{rel}","templated":true}]}}