{"id":65324,"date":"2025-11-26T21:36:14","date_gmt":"2025-11-26T20:36:14","guid":{"rendered":"https:\/\/www.hirtenberg-apotheke.at\/katalog\/produkt\/darphin-predermine-sculpting-night-cream-50-ml\/"},"modified":"2025-11-26T21:36:23","modified_gmt":"2025-11-26T20:36:23","slug":"darphin-predermine-sculpting-night-cream-50-ml","status":"publish","type":"product","link":"https:\/\/www.hirtenberg-apotheke.at\/katalog\/produkt\/darphin-predermine-sculpting-night-cream-50-ml\/","title":{"rendered":"Darphin Predermine Sculpting Night Cream 50 ml"},"content":{"rendered":"<p>Die Pr\u00e9dermine Sculpting Night Cream von Darphin unterst\u00fctzt optimal den n\u00e4chtlichen Regenerationsprozess Ihrer Haut. Die Formel ist angereichert mit Vitaminen und nat\u00fcrlichen Extrakten wie Schwertlilie zur Stimulation der Kollagenproduktion, Bitterklee, um das nat\u00fcrliche, hauteigene Elastin zu sch\u00fctzen und nachtbl\u00fchender Tuberose, die das Feuchtigkeitslevel in der Haut erh\u00f6ht. Das Ergebnis ist regenerierte Haut, die prall, gesund und strahlend aussieht.<\/p>\n","protected":false},"excerpt":{"rendered":"<p>Die Pr\u00e9dermine Sculpting Night Cream von Darphin unterst\u00fctzt optimal den n\u00e4chtlichen Regenerationsprozess Ihrer Haut. Die Formel ist angereichert mit Vitaminen und nat\u00fcrlichen Extrakten wie Schwertlilie zur Stimulation der Kollagenproduktion, Bitterklee, um das nat\u00fcrliche, hauteigene Elastin zu sch\u00fctzen und nachtbl\u00fchender Tuberose, die das Feuchtigkeitslevel in der Haut erh\u00f6ht. Das Ergebnis ist regenerierte Haut, die prall, gesund [&hellip;]<\/p>\n","protected":false},"featured_media":65326,"template":"","meta":{"_acf_changed":false},"product_brand":[],"product_cat":[295],"product_tag":[],"class_list":{"0":"post-65324","1":"product","2":"type-product","3":"status-publish","4":"has-post-thumbnail","6":"product_cat-d","7":"pa_packungsgroesse-50ml","9":"first","10":"instock","11":"shipping-taxable","12":"purchasable","13":"product-type-simple"},"acf":[],"_links":{"self":[{"href":"https:\/\/www.hirtenberg-apotheke.at\/katalog\/wp-json\/wp\/v2\/product\/65324","targetHints":{"allow":["GET"]}}],"collection":[{"href":"https:\/\/www.hirtenberg-apotheke.at\/katalog\/wp-json\/wp\/v2\/product"}],"about":[{"href":"https:\/\/www.hirtenberg-apotheke.at\/katalog\/wp-json\/wp\/v2\/types\/product"}],"wp:featuredmedia":[{"embeddable":true,"href":"https:\/\/www.hirtenberg-apotheke.at\/katalog\/wp-json\/wp\/v2\/media\/65326"}],"wp:attachment":[{"href":"https:\/\/www.hirtenberg-apotheke.at\/katalog\/wp-json\/wp\/v2\/media?parent=65324"}],"wp:term":[{"taxonomy":"product_brand","embeddable":true,"href":"https:\/\/www.hirtenberg-apotheke.at\/katalog\/wp-json\/wp\/v2\/product_brand?post=65324"},{"taxonomy":"product_cat","embeddable":true,"href":"https:\/\/www.hirtenberg-apotheke.at\/katalog\/wp-json\/wp\/v2\/product_cat?post=65324"},{"taxonomy":"product_tag","embeddable":true,"href":"https:\/\/www.hirtenberg-apotheke.at\/katalog\/wp-json\/wp\/v2\/product_tag?post=65324"}],"curies":[{"name":"wp","href":"https:\/\/api.w.org\/{rel}","templated":true}]}}