{"id":6568,"date":"2025-11-25T13:17:15","date_gmt":"2025-11-25T12:17:15","guid":{"rendered":"https:\/\/www.hirtenberg-apotheke.at\/katalog\/produkt\/hafesan-hopfen-melisse-passionsblumen-kapseln\/"},"modified":"2025-11-25T13:18:02","modified_gmt":"2025-11-25T12:18:02","slug":"hafesan-hopfen-melisse-passionsblumen-kapseln","status":"publish","type":"product","link":"https:\/\/www.hirtenberg-apotheke.at\/katalog\/produkt\/hafesan-hopfen-melisse-passionsblumen-kapseln\/","title":{"rendered":"Hafesan HOPFEN MELISSE PASSIONSBLUMEN KAPSELN"},"content":{"rendered":"<p>Hafesan\u00ae Hopfen Melisse Passionsblume Kapseln helfen dem K\u00f6rper auf nat\u00fcrliche Weise, wieder ins Gleichgewicht zu kommen. Spannungs- und Erregungszust\u00e4nde werden sanft abgebaut, innerer Unruhe und schlechtem Schlaf wird entgegen gewirkt.<\/p>\n","protected":false},"excerpt":{"rendered":"<p>Hafesan\u00ae Hopfen Melisse Passionsblume Kapseln helfen dem K\u00f6rper auf nat\u00fcrliche Weise, wieder ins Gleichgewicht zu kommen. Spannungs- und Erregungszust\u00e4nde werden sanft abgebaut, innerer Unruhe und schlechtem Schlaf wird entgegen gewirkt.<\/p>\n","protected":false},"featured_media":6570,"template":"","meta":{"_acf_changed":false},"product_brand":[329],"product_cat":[330],"product_tag":[],"class_list":{"0":"post-6568","1":"product","2":"type-product","3":"status-publish","4":"has-post-thumbnail","6":"product_brand-hafesan","7":"product_cat-h","8":"pa_packungsgroesse-60-stueck","10":"first","11":"instock","12":"shipping-taxable","13":"purchasable","14":"product-type-simple"},"acf":[],"_links":{"self":[{"href":"https:\/\/www.hirtenberg-apotheke.at\/katalog\/wp-json\/wp\/v2\/product\/6568","targetHints":{"allow":["GET"]}}],"collection":[{"href":"https:\/\/www.hirtenberg-apotheke.at\/katalog\/wp-json\/wp\/v2\/product"}],"about":[{"href":"https:\/\/www.hirtenberg-apotheke.at\/katalog\/wp-json\/wp\/v2\/types\/product"}],"wp:featuredmedia":[{"embeddable":true,"href":"https:\/\/www.hirtenberg-apotheke.at\/katalog\/wp-json\/wp\/v2\/media\/6570"}],"wp:attachment":[{"href":"https:\/\/www.hirtenberg-apotheke.at\/katalog\/wp-json\/wp\/v2\/media?parent=6568"}],"wp:term":[{"taxonomy":"product_brand","embeddable":true,"href":"https:\/\/www.hirtenberg-apotheke.at\/katalog\/wp-json\/wp\/v2\/product_brand?post=6568"},{"taxonomy":"product_cat","embeddable":true,"href":"https:\/\/www.hirtenberg-apotheke.at\/katalog\/wp-json\/wp\/v2\/product_cat?post=6568"},{"taxonomy":"product_tag","embeddable":true,"href":"https:\/\/www.hirtenberg-apotheke.at\/katalog\/wp-json\/wp\/v2\/product_tag?post=6568"}],"curies":[{"name":"wp","href":"https:\/\/api.w.org\/{rel}","templated":true}]}}