{"id":66618,"date":"2025-11-26T21:59:00","date_gmt":"2025-11-26T20:59:00","guid":{"rendered":"https:\/\/www.hirtenberg-apotheke.at\/katalog\/produkt\/soehngen-dreiecktuecher-v-vlies-1-stk\/"},"modified":"2025-11-26T21:59:30","modified_gmt":"2025-11-26T20:59:30","slug":"soehngen-dreiecktuecher-v-vlies-1-stk","status":"publish","type":"product","link":"https:\/\/www.hirtenberg-apotheke.at\/katalog\/produkt\/soehngen-dreiecktuecher-v-vlies-1-stk\/","title":{"rendered":"S\u00f6hngen Dreieckt\u00fccher V Vlies 1 Stk."},"content":{"rendered":"<p>S\u00f6hngen Dreieckt\u00fccher V Vlies sind besonders weich und hautfreundlich. Die T\u00fccher zeichnen sich durch ihre hohe Rei\u00dffestigkeit aus. Zudem sind sie wieder verwendbar und waschbar bis 60\u00b0C.<\/p>\n","protected":false},"excerpt":{"rendered":"<p>S\u00f6hngen Dreieckt\u00fccher V Vlies sind besonders weich und hautfreundlich. Die T\u00fccher zeichnen sich durch ihre hohe Rei\u00dffestigkeit aus. Zudem sind sie wieder verwendbar und waschbar bis 60\u00b0C.<\/p>\n","protected":false},"featured_media":0,"template":"","meta":{"_acf_changed":false},"product_brand":[],"product_cat":[303],"product_tag":[],"class_list":{"0":"post-66618","1":"product","2":"type-product","3":"status-publish","5":"product_cat-s","6":"pa_packungsgroesse-1-stueck","8":"first","9":"instock","10":"shipping-taxable","11":"purchasable","12":"product-type-simple"},"acf":[],"_links":{"self":[{"href":"https:\/\/www.hirtenberg-apotheke.at\/katalog\/wp-json\/wp\/v2\/product\/66618","targetHints":{"allow":["GET"]}}],"collection":[{"href":"https:\/\/www.hirtenberg-apotheke.at\/katalog\/wp-json\/wp\/v2\/product"}],"about":[{"href":"https:\/\/www.hirtenberg-apotheke.at\/katalog\/wp-json\/wp\/v2\/types\/product"}],"wp:attachment":[{"href":"https:\/\/www.hirtenberg-apotheke.at\/katalog\/wp-json\/wp\/v2\/media?parent=66618"}],"wp:term":[{"taxonomy":"product_brand","embeddable":true,"href":"https:\/\/www.hirtenberg-apotheke.at\/katalog\/wp-json\/wp\/v2\/product_brand?post=66618"},{"taxonomy":"product_cat","embeddable":true,"href":"https:\/\/www.hirtenberg-apotheke.at\/katalog\/wp-json\/wp\/v2\/product_cat?post=66618"},{"taxonomy":"product_tag","embeddable":true,"href":"https:\/\/www.hirtenberg-apotheke.at\/katalog\/wp-json\/wp\/v2\/product_tag?post=66618"}],"curies":[{"name":"wp","href":"https:\/\/api.w.org\/{rel}","templated":true}]}}