{"id":67434,"date":"2025-11-26T23:25:07","date_gmt":"2025-11-26T22:25:07","guid":{"rendered":"https:\/\/www.hirtenberg-apotheke.at\/katalog\/produkt\/mariazeller-magentropfen\/"},"modified":"2025-11-26T23:25:40","modified_gmt":"2025-11-26T22:25:40","slug":"mariazeller-magentropfen","status":"publish","type":"product","link":"https:\/\/www.hirtenberg-apotheke.at\/katalog\/produkt\/mariazeller-magentropfen\/","title":{"rendered":"Mariazeller Magentropfen"},"content":{"rendered":"<p>Mariazeller Magentropfen sind ein pflanzliches Arzneimittel zur Anwendung bei leichten Verdauungsst\u00f6rungen (V\u00f6llegef\u00fchl, Bl\u00e4hungen) und Appetitlosigkeit. .<\/p>\n","protected":false},"excerpt":{"rendered":"<p>Mariazeller Magentropfen sind ein pflanzliches Arzneimittel zur Anwendung bei leichten Verdauungsst\u00f6rungen (V\u00f6llegef\u00fchl, Bl\u00e4hungen) und Appetitlosigkeit. .<\/p>\n","protected":false},"featured_media":67436,"template":"","meta":{"_acf_changed":false},"product_brand":[],"product_cat":[308],"product_tag":[],"class_list":{"0":"post-67434","1":"product","2":"type-product","3":"status-publish","4":"has-post-thumbnail","6":"product_cat-m","7":"pa_packungsgroesse-100ml","9":"first","10":"instock","11":"shipping-taxable","12":"purchasable","13":"product-type-simple"},"acf":[],"_links":{"self":[{"href":"https:\/\/www.hirtenberg-apotheke.at\/katalog\/wp-json\/wp\/v2\/product\/67434","targetHints":{"allow":["GET"]}}],"collection":[{"href":"https:\/\/www.hirtenberg-apotheke.at\/katalog\/wp-json\/wp\/v2\/product"}],"about":[{"href":"https:\/\/www.hirtenberg-apotheke.at\/katalog\/wp-json\/wp\/v2\/types\/product"}],"wp:featuredmedia":[{"embeddable":true,"href":"https:\/\/www.hirtenberg-apotheke.at\/katalog\/wp-json\/wp\/v2\/media\/67436"}],"wp:attachment":[{"href":"https:\/\/www.hirtenberg-apotheke.at\/katalog\/wp-json\/wp\/v2\/media?parent=67434"}],"wp:term":[{"taxonomy":"product_brand","embeddable":true,"href":"https:\/\/www.hirtenberg-apotheke.at\/katalog\/wp-json\/wp\/v2\/product_brand?post=67434"},{"taxonomy":"product_cat","embeddable":true,"href":"https:\/\/www.hirtenberg-apotheke.at\/katalog\/wp-json\/wp\/v2\/product_cat?post=67434"},{"taxonomy":"product_tag","embeddable":true,"href":"https:\/\/www.hirtenberg-apotheke.at\/katalog\/wp-json\/wp\/v2\/product_tag?post=67434"}],"curies":[{"name":"wp","href":"https:\/\/api.w.org\/{rel}","templated":true}]}}