{"id":67515,"date":"2025-11-26T23:27:30","date_gmt":"2025-11-26T22:27:30","guid":{"rendered":"https:\/\/www.hirtenberg-apotheke.at\/katalog\/produkt\/sialin-sigma-loesung\/"},"modified":"2025-11-26T23:27:37","modified_gmt":"2025-11-26T22:27:37","slug":"sialin-sigma-loesung","status":"publish","type":"product","link":"https:\/\/www.hirtenberg-apotheke.at\/katalog\/produkt\/sialin-sigma-loesung\/","title":{"rendered":"Sialin-sigma L\u00f6sung"},"content":{"rendered":"<p>Sialin-sigma L\u00f6sung ist ein Speichelersatzmittel zur Anwendung in der Mundh\u00f6hle. Diese L\u00f6sung wird zur anhaltenden Befeuchtung der Mund- und Rachenschleimh\u00e4ute in F\u00e4llen von Mundtrockenheit angewendet.<\/p>\n","protected":false},"excerpt":{"rendered":"<p>Sialin-sigma L\u00f6sung ist ein Speichelersatzmittel zur Anwendung in der Mundh\u00f6hle. Diese L\u00f6sung wird zur anhaltenden Befeuchtung der Mund- und Rachenschleimh\u00e4ute in F\u00e4llen von Mundtrockenheit angewendet.<\/p>\n","protected":false},"featured_media":67517,"template":"","meta":{"_acf_changed":false},"product_brand":[],"product_cat":[303],"product_tag":[],"class_list":{"0":"post-67515","1":"product","2":"type-product","3":"status-publish","4":"has-post-thumbnail","6":"product_cat-s","7":"pa_packungsgroesse-100ml","9":"first","10":"instock","11":"shipping-taxable","12":"purchasable","13":"product-type-simple"},"acf":[],"_links":{"self":[{"href":"https:\/\/www.hirtenberg-apotheke.at\/katalog\/wp-json\/wp\/v2\/product\/67515","targetHints":{"allow":["GET"]}}],"collection":[{"href":"https:\/\/www.hirtenberg-apotheke.at\/katalog\/wp-json\/wp\/v2\/product"}],"about":[{"href":"https:\/\/www.hirtenberg-apotheke.at\/katalog\/wp-json\/wp\/v2\/types\/product"}],"wp:featuredmedia":[{"embeddable":true,"href":"https:\/\/www.hirtenberg-apotheke.at\/katalog\/wp-json\/wp\/v2\/media\/67517"}],"wp:attachment":[{"href":"https:\/\/www.hirtenberg-apotheke.at\/katalog\/wp-json\/wp\/v2\/media?parent=67515"}],"wp:term":[{"taxonomy":"product_brand","embeddable":true,"href":"https:\/\/www.hirtenberg-apotheke.at\/katalog\/wp-json\/wp\/v2\/product_brand?post=67515"},{"taxonomy":"product_cat","embeddable":true,"href":"https:\/\/www.hirtenberg-apotheke.at\/katalog\/wp-json\/wp\/v2\/product_cat?post=67515"},{"taxonomy":"product_tag","embeddable":true,"href":"https:\/\/www.hirtenberg-apotheke.at\/katalog\/wp-json\/wp\/v2\/product_tag?post=67515"}],"curies":[{"name":"wp","href":"https:\/\/api.w.org\/{rel}","templated":true}]}}