{"id":67749,"date":"2025-11-26T23:33:34","date_gmt":"2025-11-26T22:33:34","guid":{"rendered":"https:\/\/www.hirtenberg-apotheke.at\/katalog\/produkt\/similasan-tropfen-gegen-heuschnupfen\/"},"modified":"2025-11-26T23:33:54","modified_gmt":"2025-11-26T22:33:54","slug":"similasan-tropfen-gegen-heuschnupfen","status":"publish","type":"product","link":"https:\/\/www.hirtenberg-apotheke.at\/katalog\/produkt\/similasan-tropfen-gegen-heuschnupfen\/","title":{"rendered":"Similasan Tropfen gegen Heuschnupfen"},"content":{"rendered":"<p>Similasan-Tropfen gegen Heuschnupfen werden hom\u00f6opathisch eingesetzt bei akutem und chronischem Schnupfen, vasomotorischem Schnupfen sowie Heuschnupfen. Similasan Tropfen&#038;nbsp sorgen f\u00fcr den R\u00fcckgang der Beschwerden und k\u00f6nnen unter Beachtung der Hinweise zur Einnahme bereits kleineren Kindern ab 2 Jahren gegeben werden. Nachdem im Juli 2013 die Jacoby GM Pharma aus der Fusion der Jacoby Pharmazeutika und der GM Pharma entstand kam es mit Oktober 2015 zum weiteren Zusammenschluss der privaten Gro\u00e1h\u00e4ndler. K\u00f6gl Pharma mit Sitz in Innsbruck brachte seinen Betrieb in das gemeinsame nunmehr noch st\u00e4rkere Unternehmen ein. Jacoby Pharmazeutika, GM Pharma und K\u00f6gl Pharma bringen eine lange Tradition und Geschichte sowie ein \u00e4hnliches Werteverst\u00e4ndnis in das gemeinsame Unternehmen ein.<\/p>\n","protected":false},"excerpt":{"rendered":"<p>Similasan-Tropfen gegen Heuschnupfen werden hom\u00f6opathisch eingesetzt bei akutem und chronischem Schnupfen, vasomotorischem Schnupfen sowie Heuschnupfen. Similasan Tropfen&#038;nbsp sorgen f\u00fcr den R\u00fcckgang der Beschwerden und k\u00f6nnen unter Beachtung der Hinweise zur Einnahme bereits kleineren Kindern ab 2 Jahren gegeben werden. Nachdem im Juli 2013 die Jacoby GM Pharma aus der Fusion der Jacoby Pharmazeutika und der [&hellip;]<\/p>\n","protected":false},"featured_media":67751,"template":"","meta":{"_acf_changed":false},"product_brand":[925],"product_cat":[303],"product_tag":[],"class_list":{"0":"post-67749","1":"product","2":"type-product","3":"status-publish","4":"has-post-thumbnail","6":"product_brand-similasan","7":"product_cat-s","8":"pa_packungsgroesse-50ml","10":"first","11":"instock","12":"shipping-taxable","13":"purchasable","14":"product-type-simple"},"acf":[],"_links":{"self":[{"href":"https:\/\/www.hirtenberg-apotheke.at\/katalog\/wp-json\/wp\/v2\/product\/67749","targetHints":{"allow":["GET"]}}],"collection":[{"href":"https:\/\/www.hirtenberg-apotheke.at\/katalog\/wp-json\/wp\/v2\/product"}],"about":[{"href":"https:\/\/www.hirtenberg-apotheke.at\/katalog\/wp-json\/wp\/v2\/types\/product"}],"wp:featuredmedia":[{"embeddable":true,"href":"https:\/\/www.hirtenberg-apotheke.at\/katalog\/wp-json\/wp\/v2\/media\/67751"}],"wp:attachment":[{"href":"https:\/\/www.hirtenberg-apotheke.at\/katalog\/wp-json\/wp\/v2\/media?parent=67749"}],"wp:term":[{"taxonomy":"product_brand","embeddable":true,"href":"https:\/\/www.hirtenberg-apotheke.at\/katalog\/wp-json\/wp\/v2\/product_brand?post=67749"},{"taxonomy":"product_cat","embeddable":true,"href":"https:\/\/www.hirtenberg-apotheke.at\/katalog\/wp-json\/wp\/v2\/product_cat?post=67749"},{"taxonomy":"product_tag","embeddable":true,"href":"https:\/\/www.hirtenberg-apotheke.at\/katalog\/wp-json\/wp\/v2\/product_tag?post=67749"}],"curies":[{"name":"wp","href":"https:\/\/api.w.org\/{rel}","templated":true}]}}