{"id":67910,"date":"2025-11-26T23:38:01","date_gmt":"2025-11-26T22:38:01","guid":{"rendered":"https:\/\/www.hirtenberg-apotheke.at\/katalog\/produkt\/apozema-nr-20-tropfen-ischias-50-ml-tropfen\/"},"modified":"2025-11-26T23:38:19","modified_gmt":"2025-11-26T22:38:19","slug":"apozema-nr-20-tropfen-ischias-50-ml-tropfen","status":"publish","type":"product","link":"https:\/\/www.hirtenberg-apotheke.at\/katalog\/produkt\/apozema-nr-20-tropfen-ischias-50-ml-tropfen\/","title":{"rendered":"Apozema Nr 20 Tropfen Ischias 50 ml Tropfen"},"content":{"rendered":"<p>Apozema Nr 20 Tropfen Ischias 50 ml Tropfen dienen zur Aktivierung und St\u00e4rkung der k\u00f6rpereigenen Selbstheilungskr\u00e4fte bei Ischiasschmerzen, rheumatischen Gelenks- und Muskelschmerzen, sowie Kreuz- und Nervenschmerzen.<\/p>\n","protected":false},"excerpt":{"rendered":"<p>Apozema Nr 20 Tropfen Ischias 50 ml Tropfen dienen zur Aktivierung und St\u00e4rkung der k\u00f6rpereigenen Selbstheilungskr\u00e4fte bei Ischiasschmerzen, rheumatischen Gelenks- und Muskelschmerzen, sowie Kreuz- und Nervenschmerzen.<\/p>\n","protected":false},"featured_media":67912,"template":"","meta":{"_acf_changed":false},"product_brand":[927],"product_cat":[299],"product_tag":[],"class_list":{"0":"post-67910","1":"product","2":"type-product","3":"status-publish","4":"has-post-thumbnail","6":"product_brand-apozema","7":"product_cat-a","8":"pa_packungsgroesse-50ml","10":"first","11":"instock","12":"shipping-taxable","13":"purchasable","14":"product-type-simple"},"acf":[],"_links":{"self":[{"href":"https:\/\/www.hirtenberg-apotheke.at\/katalog\/wp-json\/wp\/v2\/product\/67910","targetHints":{"allow":["GET"]}}],"collection":[{"href":"https:\/\/www.hirtenberg-apotheke.at\/katalog\/wp-json\/wp\/v2\/product"}],"about":[{"href":"https:\/\/www.hirtenberg-apotheke.at\/katalog\/wp-json\/wp\/v2\/types\/product"}],"wp:featuredmedia":[{"embeddable":true,"href":"https:\/\/www.hirtenberg-apotheke.at\/katalog\/wp-json\/wp\/v2\/media\/67912"}],"wp:attachment":[{"href":"https:\/\/www.hirtenberg-apotheke.at\/katalog\/wp-json\/wp\/v2\/media?parent=67910"}],"wp:term":[{"taxonomy":"product_brand","embeddable":true,"href":"https:\/\/www.hirtenberg-apotheke.at\/katalog\/wp-json\/wp\/v2\/product_brand?post=67910"},{"taxonomy":"product_cat","embeddable":true,"href":"https:\/\/www.hirtenberg-apotheke.at\/katalog\/wp-json\/wp\/v2\/product_cat?post=67910"},{"taxonomy":"product_tag","embeddable":true,"href":"https:\/\/www.hirtenberg-apotheke.at\/katalog\/wp-json\/wp\/v2\/product_tag?post=67910"}],"curies":[{"name":"wp","href":"https:\/\/api.w.org\/{rel}","templated":true}]}}