{"id":68098,"date":"2025-11-26T23:42:50","date_gmt":"2025-11-26T22:42:50","guid":{"rendered":"https:\/\/www.hirtenberg-apotheke.at\/katalog\/produkt\/apozema-tropfen-nr-14-erschoepfung-50-ml\/"},"modified":"2025-11-26T23:43:18","modified_gmt":"2025-11-26T22:43:18","slug":"apozema-tropfen-nr-14-erschoepfung-50-ml","status":"publish","type":"product","link":"https:\/\/www.hirtenberg-apotheke.at\/katalog\/produkt\/apozema-tropfen-nr-14-erschoepfung-50-ml\/","title":{"rendered":"Apozema Tropfen Nr. 14 Ersch\u00f6pfung 50 ml"},"content":{"rendered":"<p>APOZEMA Ersch\u00f6pfungs-Tropfen Nr. 14 von APOMEDICA regen die Selbstheilungskr\u00e4fte gem\u00e4\u00df dem hom\u00f6opathischen Arzneimittelbild bei k\u00f6rperlicher und geistiger Ersch\u00f6pfung, allgemeiner Leistungs- und Antriebsschw\u00e4che, in der Rekonvaleszenz und bei einem Leistungsknick an.<\/p>\n","protected":false},"excerpt":{"rendered":"<p>APOZEMA Ersch\u00f6pfungs-Tropfen Nr. 14 von APOMEDICA regen die Selbstheilungskr\u00e4fte gem\u00e4\u00df dem hom\u00f6opathischen Arzneimittelbild bei k\u00f6rperlicher und geistiger Ersch\u00f6pfung, allgemeiner Leistungs- und Antriebsschw\u00e4che, in der Rekonvaleszenz und bei einem Leistungsknick an.<\/p>\n","protected":false},"featured_media":68100,"template":"","meta":{"_acf_changed":false},"product_brand":[927],"product_cat":[299],"product_tag":[],"class_list":{"0":"post-68098","1":"product","2":"type-product","3":"status-publish","4":"has-post-thumbnail","6":"product_brand-apozema","7":"product_cat-a","8":"pa_packungsgroesse-50ml","10":"first","11":"instock","12":"shipping-taxable","13":"purchasable","14":"product-type-simple"},"acf":[],"_links":{"self":[{"href":"https:\/\/www.hirtenberg-apotheke.at\/katalog\/wp-json\/wp\/v2\/product\/68098","targetHints":{"allow":["GET"]}}],"collection":[{"href":"https:\/\/www.hirtenberg-apotheke.at\/katalog\/wp-json\/wp\/v2\/product"}],"about":[{"href":"https:\/\/www.hirtenberg-apotheke.at\/katalog\/wp-json\/wp\/v2\/types\/product"}],"wp:featuredmedia":[{"embeddable":true,"href":"https:\/\/www.hirtenberg-apotheke.at\/katalog\/wp-json\/wp\/v2\/media\/68100"}],"wp:attachment":[{"href":"https:\/\/www.hirtenberg-apotheke.at\/katalog\/wp-json\/wp\/v2\/media?parent=68098"}],"wp:term":[{"taxonomy":"product_brand","embeddable":true,"href":"https:\/\/www.hirtenberg-apotheke.at\/katalog\/wp-json\/wp\/v2\/product_brand?post=68098"},{"taxonomy":"product_cat","embeddable":true,"href":"https:\/\/www.hirtenberg-apotheke.at\/katalog\/wp-json\/wp\/v2\/product_cat?post=68098"},{"taxonomy":"product_tag","embeddable":true,"href":"https:\/\/www.hirtenberg-apotheke.at\/katalog\/wp-json\/wp\/v2\/product_tag?post=68098"}],"curies":[{"name":"wp","href":"https:\/\/api.w.org\/{rel}","templated":true}]}}