{"id":68108,"date":"2025-11-26T23:43:23","date_gmt":"2025-11-26T22:43:23","guid":{"rendered":"https:\/\/www.hirtenberg-apotheke.at\/katalog\/produkt\/doskar-tropfen-34-staerkung\/"},"modified":"2025-11-26T23:43:32","modified_gmt":"2025-11-26T22:43:32","slug":"doskar-tropfen-34-staerkung","status":"publish","type":"product","link":"https:\/\/www.hirtenberg-apotheke.at\/katalog\/produkt\/doskar-tropfen-34-staerkung\/","title":{"rendered":"Doskar Tropfen 34 St\u00e4rkung"},"content":{"rendered":"<p>Mag. Doskar Nr. 34 St\u00e4rkungstropfen ist ein hom\u00f6opathisches Arzneimittel und unterst\u00fctzt bei allgemeinen Schw\u00e4chezust\u00e4nden, sowie bei geistigen und k\u00f6rperlichen Ersch\u00f6pfungszust\u00e4nden..<\/p>\n","protected":false},"excerpt":{"rendered":"<p>Mag. Doskar Nr. 34 St\u00e4rkungstropfen ist ein hom\u00f6opathisches Arzneimittel und unterst\u00fctzt bei allgemeinen Schw\u00e4chezust\u00e4nden, sowie bei geistigen und k\u00f6rperlichen Ersch\u00f6pfungszust\u00e4nden..<\/p>\n","protected":false},"featured_media":68110,"template":"","meta":{"_acf_changed":false},"product_brand":[423],"product_cat":[295],"product_tag":[],"class_list":{"0":"post-68108","1":"product","2":"type-product","3":"status-publish","4":"has-post-thumbnail","6":"product_brand-doskar","7":"product_cat-d","8":"pa_packungsgroesse-50ml","10":"first","11":"instock","12":"shipping-taxable","13":"purchasable","14":"product-type-simple"},"acf":[],"_links":{"self":[{"href":"https:\/\/www.hirtenberg-apotheke.at\/katalog\/wp-json\/wp\/v2\/product\/68108","targetHints":{"allow":["GET"]}}],"collection":[{"href":"https:\/\/www.hirtenberg-apotheke.at\/katalog\/wp-json\/wp\/v2\/product"}],"about":[{"href":"https:\/\/www.hirtenberg-apotheke.at\/katalog\/wp-json\/wp\/v2\/types\/product"}],"wp:featuredmedia":[{"embeddable":true,"href":"https:\/\/www.hirtenberg-apotheke.at\/katalog\/wp-json\/wp\/v2\/media\/68110"}],"wp:attachment":[{"href":"https:\/\/www.hirtenberg-apotheke.at\/katalog\/wp-json\/wp\/v2\/media?parent=68108"}],"wp:term":[{"taxonomy":"product_brand","embeddable":true,"href":"https:\/\/www.hirtenberg-apotheke.at\/katalog\/wp-json\/wp\/v2\/product_brand?post=68108"},{"taxonomy":"product_cat","embeddable":true,"href":"https:\/\/www.hirtenberg-apotheke.at\/katalog\/wp-json\/wp\/v2\/product_cat?post=68108"},{"taxonomy":"product_tag","embeddable":true,"href":"https:\/\/www.hirtenberg-apotheke.at\/katalog\/wp-json\/wp\/v2\/product_tag?post=68108"}],"curies":[{"name":"wp","href":"https:\/\/api.w.org\/{rel}","templated":true}]}}