{"id":68226,"date":"2025-11-26T23:46:33","date_gmt":"2025-11-26T22:46:33","guid":{"rendered":"https:\/\/www.hirtenberg-apotheke.at\/katalog\/produkt\/lumbago-gastreu-r11-tropfen\/"},"modified":"2025-11-26T23:47:07","modified_gmt":"2025-11-26T22:47:07","slug":"lumbago-gastreu-r11-tropfen","status":"publish","type":"product","link":"https:\/\/www.hirtenberg-apotheke.at\/katalog\/produkt\/lumbago-gastreu-r11-tropfen\/","title":{"rendered":"Lumbago Gastreu R11 Tropfen"},"content":{"rendered":"<p>Lumbago Gastreu R11 Tropfen wirken schmerzlindernd bei rheumatischen Erkrankungen an Sehnen, B\u00e4ndern und Gelenken sowie bei R\u00fcckenschmerzen infolge degenerativ-rheumatischer Ver\u00e4nderungen an Bandscheiben und Wirbels\u00e4ule. Sie enthalten eine Kombination aus 6 bew\u00e4hrten hom\u00f6opathischen Wirkstoffen.<\/p>\n","protected":false},"excerpt":{"rendered":"<p>Lumbago Gastreu R11 Tropfen wirken schmerzlindernd bei rheumatischen Erkrankungen an Sehnen, B\u00e4ndern und Gelenken sowie bei R\u00fcckenschmerzen infolge degenerativ-rheumatischer Ver\u00e4nderungen an Bandscheiben und Wirbels\u00e4ule. Sie enthalten eine Kombination aus 6 bew\u00e4hrten hom\u00f6opathischen Wirkstoffen.<\/p>\n","protected":false},"featured_media":68228,"template":"","meta":{"_acf_changed":false},"product_brand":[],"product_cat":[317],"product_tag":[],"class_list":{"0":"post-68226","1":"product","2":"type-product","3":"status-publish","4":"has-post-thumbnail","6":"product_cat-l","7":"pa_packungsgroesse-50ml","9":"first","10":"instock","11":"shipping-taxable","12":"purchasable","13":"product-type-simple"},"acf":[],"_links":{"self":[{"href":"https:\/\/www.hirtenberg-apotheke.at\/katalog\/wp-json\/wp\/v2\/product\/68226","targetHints":{"allow":["GET"]}}],"collection":[{"href":"https:\/\/www.hirtenberg-apotheke.at\/katalog\/wp-json\/wp\/v2\/product"}],"about":[{"href":"https:\/\/www.hirtenberg-apotheke.at\/katalog\/wp-json\/wp\/v2\/types\/product"}],"wp:featuredmedia":[{"embeddable":true,"href":"https:\/\/www.hirtenberg-apotheke.at\/katalog\/wp-json\/wp\/v2\/media\/68228"}],"wp:attachment":[{"href":"https:\/\/www.hirtenberg-apotheke.at\/katalog\/wp-json\/wp\/v2\/media?parent=68226"}],"wp:term":[{"taxonomy":"product_brand","embeddable":true,"href":"https:\/\/www.hirtenberg-apotheke.at\/katalog\/wp-json\/wp\/v2\/product_brand?post=68226"},{"taxonomy":"product_cat","embeddable":true,"href":"https:\/\/www.hirtenberg-apotheke.at\/katalog\/wp-json\/wp\/v2\/product_cat?post=68226"},{"taxonomy":"product_tag","embeddable":true,"href":"https:\/\/www.hirtenberg-apotheke.at\/katalog\/wp-json\/wp\/v2\/product_tag?post=68226"}],"curies":[{"name":"wp","href":"https:\/\/api.w.org\/{rel}","templated":true}]}}