{"id":68314,"date":"2025-11-26T23:49:13","date_gmt":"2025-11-26T22:49:13","guid":{"rendered":"https:\/\/www.hirtenberg-apotheke.at\/katalog\/produkt\/vasa-gastreu-r63-tropfen\/"},"modified":"2025-11-26T23:49:16","modified_gmt":"2025-11-26T22:49:16","slug":"vasa-gastreu-r63-tropfen","status":"publish","type":"product","link":"https:\/\/www.hirtenberg-apotheke.at\/katalog\/produkt\/vasa-gastreu-r63-tropfen\/","title":{"rendered":"Vasa Gastreu R63 Tropfen"},"content":{"rendered":"<p>Vasa Gastreu R63 Tropfen sind eine Kombination aus 3 bew\u00e4hrten hom\u00f6opathischen Wirkstoffen, die in ihren Arzneimittelbildern alle einen deutlichen Bezug zum Gef\u00e4\u00dfsystem aufweisen. Die unterschiedlichen Wirkungsschwerpunkte zielen darauf ab, die Wadenkr\u00e4mpfe zu l\u00f6sen, die Schmerzen schnell zu lindern und weiteren Kr\u00e4mpfen vorzubeugen.<\/p>\n","protected":false},"excerpt":{"rendered":"<p>Vasa Gastreu R63 Tropfen sind eine Kombination aus 3 bew\u00e4hrten hom\u00f6opathischen Wirkstoffen, die in ihren Arzneimittelbildern alle einen deutlichen Bezug zum Gef\u00e4\u00dfsystem aufweisen. Die unterschiedlichen Wirkungsschwerpunkte zielen darauf ab, die Wadenkr\u00e4mpfe zu l\u00f6sen, die Schmerzen schnell zu lindern und weiteren Kr\u00e4mpfen vorzubeugen.<\/p>\n","protected":false},"featured_media":68316,"template":"","meta":{"_acf_changed":false},"product_brand":[],"product_cat":[300],"product_tag":[],"class_list":{"0":"post-68314","1":"product","2":"type-product","3":"status-publish","4":"has-post-thumbnail","6":"product_cat-v","7":"pa_packungsgroesse-50ml","9":"first","10":"instock","11":"shipping-taxable","12":"purchasable","13":"product-type-simple"},"acf":[],"_links":{"self":[{"href":"https:\/\/www.hirtenberg-apotheke.at\/katalog\/wp-json\/wp\/v2\/product\/68314","targetHints":{"allow":["GET"]}}],"collection":[{"href":"https:\/\/www.hirtenberg-apotheke.at\/katalog\/wp-json\/wp\/v2\/product"}],"about":[{"href":"https:\/\/www.hirtenberg-apotheke.at\/katalog\/wp-json\/wp\/v2\/types\/product"}],"wp:featuredmedia":[{"embeddable":true,"href":"https:\/\/www.hirtenberg-apotheke.at\/katalog\/wp-json\/wp\/v2\/media\/68316"}],"wp:attachment":[{"href":"https:\/\/www.hirtenberg-apotheke.at\/katalog\/wp-json\/wp\/v2\/media?parent=68314"}],"wp:term":[{"taxonomy":"product_brand","embeddable":true,"href":"https:\/\/www.hirtenberg-apotheke.at\/katalog\/wp-json\/wp\/v2\/product_brand?post=68314"},{"taxonomy":"product_cat","embeddable":true,"href":"https:\/\/www.hirtenberg-apotheke.at\/katalog\/wp-json\/wp\/v2\/product_cat?post=68314"},{"taxonomy":"product_tag","embeddable":true,"href":"https:\/\/www.hirtenberg-apotheke.at\/katalog\/wp-json\/wp\/v2\/product_tag?post=68314"}],"curies":[{"name":"wp","href":"https:\/\/api.w.org\/{rel}","templated":true}]}}