{"id":68618,"date":"2025-11-26T23:56:49","date_gmt":"2025-11-26T22:56:49","guid":{"rendered":"https:\/\/www.hirtenberg-apotheke.at\/katalog\/produkt\/larynx-gastreu-r45-tropfen\/"},"modified":"2025-11-26T23:57:22","modified_gmt":"2025-11-26T22:57:22","slug":"larynx-gastreu-r45-tropfen","status":"publish","type":"product","link":"https:\/\/www.hirtenberg-apotheke.at\/katalog\/produkt\/larynx-gastreu-r45-tropfen\/","title":{"rendered":"Larynx Gastreu R45 Tropfen"},"content":{"rendered":"<p>Larynx Gastreu R45 Tropfen sind eine hom\u00f6opathische Arzneispezialit\u00e4t zur Besserung der Beschwerden bei akuter und chronischer Halsentz\u00fcndung sowie bei Heiserkeit nach \u00dcberanstrengung der Stimme.<\/p>\n","protected":false},"excerpt":{"rendered":"<p>Larynx Gastreu R45 Tropfen sind eine hom\u00f6opathische Arzneispezialit\u00e4t zur Besserung der Beschwerden bei akuter und chronischer Halsentz\u00fcndung sowie bei Heiserkeit nach \u00dcberanstrengung der Stimme.<\/p>\n","protected":false},"featured_media":68620,"template":"","meta":{"_acf_changed":false},"product_brand":[],"product_cat":[317],"product_tag":[],"class_list":{"0":"post-68618","1":"product","2":"type-product","3":"status-publish","4":"has-post-thumbnail","6":"product_cat-l","7":"pa_packungsgroesse-50ml","9":"first","10":"instock","11":"shipping-taxable","12":"purchasable","13":"product-type-simple"},"acf":[],"_links":{"self":[{"href":"https:\/\/www.hirtenberg-apotheke.at\/katalog\/wp-json\/wp\/v2\/product\/68618","targetHints":{"allow":["GET"]}}],"collection":[{"href":"https:\/\/www.hirtenberg-apotheke.at\/katalog\/wp-json\/wp\/v2\/product"}],"about":[{"href":"https:\/\/www.hirtenberg-apotheke.at\/katalog\/wp-json\/wp\/v2\/types\/product"}],"wp:featuredmedia":[{"embeddable":true,"href":"https:\/\/www.hirtenberg-apotheke.at\/katalog\/wp-json\/wp\/v2\/media\/68620"}],"wp:attachment":[{"href":"https:\/\/www.hirtenberg-apotheke.at\/katalog\/wp-json\/wp\/v2\/media?parent=68618"}],"wp:term":[{"taxonomy":"product_brand","embeddable":true,"href":"https:\/\/www.hirtenberg-apotheke.at\/katalog\/wp-json\/wp\/v2\/product_brand?post=68618"},{"taxonomy":"product_cat","embeddable":true,"href":"https:\/\/www.hirtenberg-apotheke.at\/katalog\/wp-json\/wp\/v2\/product_cat?post=68618"},{"taxonomy":"product_tag","embeddable":true,"href":"https:\/\/www.hirtenberg-apotheke.at\/katalog\/wp-json\/wp\/v2\/product_tag?post=68618"}],"curies":[{"name":"wp","href":"https:\/\/api.w.org\/{rel}","templated":true}]}}