{"id":68626,"date":"2025-11-26T23:57:21","date_gmt":"2025-11-26T22:57:21","guid":{"rendered":"https:\/\/www.hirtenberg-apotheke.at\/katalog\/produkt\/klimax-gastreu-r10-tropfen\/"},"modified":"2025-11-26T23:57:28","modified_gmt":"2025-11-26T22:57:28","slug":"klimax-gastreu-r10-tropfen","status":"publish","type":"product","link":"https:\/\/www.hirtenberg-apotheke.at\/katalog\/produkt\/klimax-gastreu-r10-tropfen\/","title":{"rendered":"Klimax Gastreu R10 Tropfen"},"content":{"rendered":"<p>Klimax Gastreu R10 Tropfen sind eine Kombination aus 3 bew\u00e4hrten hom\u00f6opathischen Wirkstoffen, die gegen die vielf\u00e4ltigen Beschwerden, die durch das Eintreten der Wechseljahre bedingt werden, wirken.<\/p>\n","protected":false},"excerpt":{"rendered":"<p>Klimax Gastreu R10 Tropfen sind eine Kombination aus 3 bew\u00e4hrten hom\u00f6opathischen Wirkstoffen, die gegen die vielf\u00e4ltigen Beschwerden, die durch das Eintreten der Wechseljahre bedingt werden, wirken.<\/p>\n","protected":false},"featured_media":68628,"template":"","meta":{"_acf_changed":false},"product_brand":[],"product_cat":[387],"product_tag":[],"class_list":{"0":"post-68626","1":"product","2":"type-product","3":"status-publish","4":"has-post-thumbnail","6":"product_cat-k","7":"pa_packungsgroesse-50ml","9":"first","10":"instock","11":"shipping-taxable","12":"purchasable","13":"product-type-simple"},"acf":[],"_links":{"self":[{"href":"https:\/\/www.hirtenberg-apotheke.at\/katalog\/wp-json\/wp\/v2\/product\/68626","targetHints":{"allow":["GET"]}}],"collection":[{"href":"https:\/\/www.hirtenberg-apotheke.at\/katalog\/wp-json\/wp\/v2\/product"}],"about":[{"href":"https:\/\/www.hirtenberg-apotheke.at\/katalog\/wp-json\/wp\/v2\/types\/product"}],"wp:featuredmedia":[{"embeddable":true,"href":"https:\/\/www.hirtenberg-apotheke.at\/katalog\/wp-json\/wp\/v2\/media\/68628"}],"wp:attachment":[{"href":"https:\/\/www.hirtenberg-apotheke.at\/katalog\/wp-json\/wp\/v2\/media?parent=68626"}],"wp:term":[{"taxonomy":"product_brand","embeddable":true,"href":"https:\/\/www.hirtenberg-apotheke.at\/katalog\/wp-json\/wp\/v2\/product_brand?post=68626"},{"taxonomy":"product_cat","embeddable":true,"href":"https:\/\/www.hirtenberg-apotheke.at\/katalog\/wp-json\/wp\/v2\/product_cat?post=68626"},{"taxonomy":"product_tag","embeddable":true,"href":"https:\/\/www.hirtenberg-apotheke.at\/katalog\/wp-json\/wp\/v2\/product_tag?post=68626"}],"curies":[{"name":"wp","href":"https:\/\/api.w.org\/{rel}","templated":true}]}}