{"id":68657,"date":"2025-11-26T23:58:05","date_gmt":"2025-11-26T22:58:05","guid":{"rendered":"https:\/\/www.hirtenberg-apotheke.at\/katalog\/produkt\/dysmeno-gastreu-r75-tropfen\/"},"modified":"2025-11-26T23:58:08","modified_gmt":"2025-11-26T22:58:08","slug":"dysmeno-gastreu-r75-tropfen","status":"publish","type":"product","link":"https:\/\/www.hirtenberg-apotheke.at\/katalog\/produkt\/dysmeno-gastreu-r75-tropfen\/","title":{"rendered":"Dysmeno Gastreu R75 Tropfen"},"content":{"rendered":"<p>Dysmeno Gastreu R75 Tropfen sind eine Kombination aus 4 bew\u00e4hrten hom\u00f6opathischen Wirkstoffen, die gezielt schmerz- und krampfl\u00f6send auf die Unterleibsorgane wirken und somit zur Entkrampfung der Geb\u00e4rmutter und zur Linderung des Unterleibsschmerzes beitragen.<\/p>\n","protected":false},"excerpt":{"rendered":"<p>Dysmeno Gastreu R75 Tropfen sind eine Kombination aus 4 bew\u00e4hrten hom\u00f6opathischen Wirkstoffen, die gezielt schmerz- und krampfl\u00f6send auf die Unterleibsorgane wirken und somit zur Entkrampfung der Geb\u00e4rmutter und zur Linderung des Unterleibsschmerzes beitragen.<\/p>\n","protected":false},"featured_media":68659,"template":"","meta":{"_acf_changed":false},"product_brand":[],"product_cat":[295],"product_tag":[],"class_list":{"0":"post-68657","1":"product","2":"type-product","3":"status-publish","4":"has-post-thumbnail","6":"product_cat-d","7":"pa_packungsgroesse-50ml","9":"first","10":"instock","11":"shipping-taxable","12":"purchasable","13":"product-type-simple"},"acf":[],"_links":{"self":[{"href":"https:\/\/www.hirtenberg-apotheke.at\/katalog\/wp-json\/wp\/v2\/product\/68657","targetHints":{"allow":["GET"]}}],"collection":[{"href":"https:\/\/www.hirtenberg-apotheke.at\/katalog\/wp-json\/wp\/v2\/product"}],"about":[{"href":"https:\/\/www.hirtenberg-apotheke.at\/katalog\/wp-json\/wp\/v2\/types\/product"}],"wp:featuredmedia":[{"embeddable":true,"href":"https:\/\/www.hirtenberg-apotheke.at\/katalog\/wp-json\/wp\/v2\/media\/68659"}],"wp:attachment":[{"href":"https:\/\/www.hirtenberg-apotheke.at\/katalog\/wp-json\/wp\/v2\/media?parent=68657"}],"wp:term":[{"taxonomy":"product_brand","embeddable":true,"href":"https:\/\/www.hirtenberg-apotheke.at\/katalog\/wp-json\/wp\/v2\/product_brand?post=68657"},{"taxonomy":"product_cat","embeddable":true,"href":"https:\/\/www.hirtenberg-apotheke.at\/katalog\/wp-json\/wp\/v2\/product_cat?post=68657"},{"taxonomy":"product_tag","embeddable":true,"href":"https:\/\/www.hirtenberg-apotheke.at\/katalog\/wp-json\/wp\/v2\/product_tag?post=68657"}],"curies":[{"name":"wp","href":"https:\/\/api.w.org\/{rel}","templated":true}]}}