{"id":68719,"date":"2025-11-27T05:16:51","date_gmt":"2025-11-27T04:16:51","guid":{"rendered":"https:\/\/www.hirtenberg-apotheke.at\/katalog\/produkt\/rohde-hirschtalk-creme-chlorophyll\/"},"modified":"2025-11-27T05:18:09","modified_gmt":"2025-11-27T04:18:09","slug":"rohde-hirschtalk-creme-chlorophyll","status":"publish","type":"product","link":"https:\/\/www.hirtenberg-apotheke.at\/katalog\/produkt\/rohde-hirschtalk-creme-chlorophyll\/","title":{"rendered":"Rohde Hirschtalk Creme + Chlorophyll"},"content":{"rendered":"<p>Rohde\u00ae Hirschtalg Creme sch\u00fctzt wie eine zweite Haut vor \u00e4u\u00dferen Einfl\u00fcssen und beugt Blasen, Druckstellen und Wundscheuern vor.<\/p>\n","protected":false},"excerpt":{"rendered":"<p>Rohde\u00ae Hirschtalg Creme sch\u00fctzt wie eine zweite Haut vor \u00e4u\u00dferen Einfl\u00fcssen und beugt Blasen, Druckstellen und Wundscheuern vor.<\/p>\n","protected":false},"featured_media":0,"template":"","meta":{"_acf_changed":false},"product_brand":[],"product_cat":[311],"product_tag":[],"class_list":{"0":"post-68719","1":"product","2":"type-product","3":"status-publish","5":"product_cat-r","6":"pa_packungsgroesse-100ml","8":"first","9":"instock","10":"shipping-taxable","11":"purchasable","12":"product-type-simple"},"acf":[],"_links":{"self":[{"href":"https:\/\/www.hirtenberg-apotheke.at\/katalog\/wp-json\/wp\/v2\/product\/68719","targetHints":{"allow":["GET"]}}],"collection":[{"href":"https:\/\/www.hirtenberg-apotheke.at\/katalog\/wp-json\/wp\/v2\/product"}],"about":[{"href":"https:\/\/www.hirtenberg-apotheke.at\/katalog\/wp-json\/wp\/v2\/types\/product"}],"wp:attachment":[{"href":"https:\/\/www.hirtenberg-apotheke.at\/katalog\/wp-json\/wp\/v2\/media?parent=68719"}],"wp:term":[{"taxonomy":"product_brand","embeddable":true,"href":"https:\/\/www.hirtenberg-apotheke.at\/katalog\/wp-json\/wp\/v2\/product_brand?post=68719"},{"taxonomy":"product_cat","embeddable":true,"href":"https:\/\/www.hirtenberg-apotheke.at\/katalog\/wp-json\/wp\/v2\/product_cat?post=68719"},{"taxonomy":"product_tag","embeddable":true,"href":"https:\/\/www.hirtenberg-apotheke.at\/katalog\/wp-json\/wp\/v2\/product_tag?post=68719"}],"curies":[{"name":"wp","href":"https:\/\/api.w.org\/{rel}","templated":true}]}}