{"id":68742,"date":"2025-11-27T05:59:37","date_gmt":"2025-11-27T04:59:37","guid":{"rendered":"https:\/\/www.hirtenberg-apotheke.at\/katalog\/produkt\/etrat-gel\/"},"modified":"2025-11-27T06:00:29","modified_gmt":"2025-11-27T05:00:29","slug":"etrat-gel","status":"publish","type":"product","link":"https:\/\/www.hirtenberg-apotheke.at\/katalog\/produkt\/etrat-gel\/","title":{"rendered":"Etrat-Gel"},"content":{"rendered":"<p>Etrat Sportgel ist ein k\u00fchlendes Gel zur \u00e4u\u00dferlichen Anwendung f\u00fcr die Behandlung von Sportverletzungen. Das Gel wirkt entz\u00fcndungshemmend, durchblutungsf\u00f6rdernd, schmerzstillend, gerinnungshemmend und f\u00f6rdert die Neubildung von Bindegewebe.<\/p>\n","protected":false},"excerpt":{"rendered":"<p>Etrat Sportgel ist ein k\u00fchlendes Gel zur \u00e4u\u00dferlichen Anwendung f\u00fcr die Behandlung von Sportverletzungen. Das Gel wirkt entz\u00fcndungshemmend, durchblutungsf\u00f6rdernd, schmerzstillend, gerinnungshemmend und f\u00f6rdert die Neubildung von Bindegewebe.<\/p>\n","protected":false},"featured_media":68744,"template":"","meta":{"_acf_changed":false},"product_brand":[],"product_cat":[307],"product_tag":[],"class_list":{"0":"post-68742","1":"product","2":"type-product","3":"status-publish","4":"has-post-thumbnail","6":"product_cat-e","7":"pa_packungsgroesse-40g","9":"first","10":"instock","11":"shipping-taxable","12":"purchasable","13":"product-type-simple"},"acf":[],"_links":{"self":[{"href":"https:\/\/www.hirtenberg-apotheke.at\/katalog\/wp-json\/wp\/v2\/product\/68742","targetHints":{"allow":["GET"]}}],"collection":[{"href":"https:\/\/www.hirtenberg-apotheke.at\/katalog\/wp-json\/wp\/v2\/product"}],"about":[{"href":"https:\/\/www.hirtenberg-apotheke.at\/katalog\/wp-json\/wp\/v2\/types\/product"}],"wp:featuredmedia":[{"embeddable":true,"href":"https:\/\/www.hirtenberg-apotheke.at\/katalog\/wp-json\/wp\/v2\/media\/68744"}],"wp:attachment":[{"href":"https:\/\/www.hirtenberg-apotheke.at\/katalog\/wp-json\/wp\/v2\/media?parent=68742"}],"wp:term":[{"taxonomy":"product_brand","embeddable":true,"href":"https:\/\/www.hirtenberg-apotheke.at\/katalog\/wp-json\/wp\/v2\/product_brand?post=68742"},{"taxonomy":"product_cat","embeddable":true,"href":"https:\/\/www.hirtenberg-apotheke.at\/katalog\/wp-json\/wp\/v2\/product_cat?post=68742"},{"taxonomy":"product_tag","embeddable":true,"href":"https:\/\/www.hirtenberg-apotheke.at\/katalog\/wp-json\/wp\/v2\/product_tag?post=68742"}],"curies":[{"name":"wp","href":"https:\/\/api.w.org\/{rel}","templated":true}]}}