{"id":68892,"date":"2025-11-27T06:04:44","date_gmt":"2025-11-27T05:04:44","guid":{"rendered":"https:\/\/www.hirtenberg-apotheke.at\/katalog\/produkt\/egger-eibischteig\/"},"modified":"2025-11-27T06:05:18","modified_gmt":"2025-11-27T05:05:18","slug":"egger-eibischteig","status":"publish","type":"product","link":"https:\/\/www.hirtenberg-apotheke.at\/katalog\/produkt\/egger-eibischteig\/","title":{"rendered":"Egger Eibischteig"},"content":{"rendered":"<p>Egger Eibischteig &#8211; ein altbew\u00e4hrtes \u00f6sterreichisches Hausmittel mit Eibisch- und S\u00fc\u00dfholzwurzelextrakt, Rosen\u00f6l und anderen bek\u00f6mmlichen Zutaten. Wirkt reizmildernd und schleiml\u00f6send bei Husten, Heiserkeit und rauhem Hals.<\/p>\n","protected":false},"excerpt":{"rendered":"<p>Egger Eibischteig &#8211; ein altbew\u00e4hrtes \u00f6sterreichisches Hausmittel mit Eibisch- und S\u00fc\u00dfholzwurzelextrakt, Rosen\u00f6l und anderen bek\u00f6mmlichen Zutaten. Wirkt reizmildernd und schleiml\u00f6send bei Husten, Heiserkeit und rauhem Hals.<\/p>\n","protected":false},"featured_media":0,"template":"","meta":{"_acf_changed":false},"product_brand":[],"product_cat":[307],"product_tag":[],"class_list":{"0":"post-68892","1":"product","2":"type-product","3":"status-publish","5":"product_cat-e","6":"pa_packungsgroesse-75g","8":"first","9":"instock","10":"shipping-taxable","11":"purchasable","12":"product-type-simple"},"acf":[],"_links":{"self":[{"href":"https:\/\/www.hirtenberg-apotheke.at\/katalog\/wp-json\/wp\/v2\/product\/68892","targetHints":{"allow":["GET"]}}],"collection":[{"href":"https:\/\/www.hirtenberg-apotheke.at\/katalog\/wp-json\/wp\/v2\/product"}],"about":[{"href":"https:\/\/www.hirtenberg-apotheke.at\/katalog\/wp-json\/wp\/v2\/types\/product"}],"wp:attachment":[{"href":"https:\/\/www.hirtenberg-apotheke.at\/katalog\/wp-json\/wp\/v2\/media?parent=68892"}],"wp:term":[{"taxonomy":"product_brand","embeddable":true,"href":"https:\/\/www.hirtenberg-apotheke.at\/katalog\/wp-json\/wp\/v2\/product_brand?post=68892"},{"taxonomy":"product_cat","embeddable":true,"href":"https:\/\/www.hirtenberg-apotheke.at\/katalog\/wp-json\/wp\/v2\/product_cat?post=68892"},{"taxonomy":"product_tag","embeddable":true,"href":"https:\/\/www.hirtenberg-apotheke.at\/katalog\/wp-json\/wp\/v2\/product_tag?post=68892"}],"curies":[{"name":"wp","href":"https:\/\/api.w.org\/{rel}","templated":true}]}}