{"id":68993,"date":"2025-11-27T06:07:56","date_gmt":"2025-11-27T05:07:56","guid":{"rendered":"https:\/\/www.hirtenberg-apotheke.at\/katalog\/produkt\/sulfoderm-s-teint-syndetseife\/"},"modified":"2025-11-27T06:08:07","modified_gmt":"2025-11-27T05:08:07","slug":"sulfoderm-s-teint-syndetseife","status":"publish","type":"product","link":"https:\/\/www.hirtenberg-apotheke.at\/katalog\/produkt\/sulfoderm-s-teint-syndetseife\/","title":{"rendered":"Sulfoderm S Teint Syndetseife"},"content":{"rendered":"<p>Seife Sulfoderm-S Teint Syndet wirkt gegen fettige und unreine Haut. Das milde und antibakterielle Waschst\u00fcck ist bestens zur t\u00e4glichen Reinigung von Gesicht und K\u00f6rper geeignet.<\/p>\n","protected":false},"excerpt":{"rendered":"<p>Seife Sulfoderm-S Teint Syndet wirkt gegen fettige und unreine Haut. Das milde und antibakterielle Waschst\u00fcck ist bestens zur t\u00e4glichen Reinigung von Gesicht und K\u00f6rper geeignet.<\/p>\n","protected":false},"featured_media":68995,"template":"","meta":{"_acf_changed":false},"product_brand":[],"product_cat":[303],"product_tag":[],"class_list":{"0":"post-68993","1":"product","2":"type-product","3":"status-publish","4":"has-post-thumbnail","6":"product_cat-s","7":"pa_packungsgroesse-100g","9":"first","10":"instock","11":"shipping-taxable","12":"purchasable","13":"product-type-simple"},"acf":[],"_links":{"self":[{"href":"https:\/\/www.hirtenberg-apotheke.at\/katalog\/wp-json\/wp\/v2\/product\/68993","targetHints":{"allow":["GET"]}}],"collection":[{"href":"https:\/\/www.hirtenberg-apotheke.at\/katalog\/wp-json\/wp\/v2\/product"}],"about":[{"href":"https:\/\/www.hirtenberg-apotheke.at\/katalog\/wp-json\/wp\/v2\/types\/product"}],"wp:featuredmedia":[{"embeddable":true,"href":"https:\/\/www.hirtenberg-apotheke.at\/katalog\/wp-json\/wp\/v2\/media\/68995"}],"wp:attachment":[{"href":"https:\/\/www.hirtenberg-apotheke.at\/katalog\/wp-json\/wp\/v2\/media?parent=68993"}],"wp:term":[{"taxonomy":"product_brand","embeddable":true,"href":"https:\/\/www.hirtenberg-apotheke.at\/katalog\/wp-json\/wp\/v2\/product_brand?post=68993"},{"taxonomy":"product_cat","embeddable":true,"href":"https:\/\/www.hirtenberg-apotheke.at\/katalog\/wp-json\/wp\/v2\/product_cat?post=68993"},{"taxonomy":"product_tag","embeddable":true,"href":"https:\/\/www.hirtenberg-apotheke.at\/katalog\/wp-json\/wp\/v2\/product_tag?post=68993"}],"curies":[{"name":"wp","href":"https:\/\/api.w.org\/{rel}","templated":true}]}}