{"id":69183,"date":"2025-11-27T06:13:19","date_gmt":"2025-11-27T05:13:19","guid":{"rendered":"https:\/\/www.hirtenberg-apotheke.at\/katalog\/produkt\/multojod-gastreu-r12-tropfen-50-ml\/"},"modified":"2025-11-27T06:13:23","modified_gmt":"2025-11-27T05:13:23","slug":"multojod-gastreu-r12-tropfen-50-ml","status":"publish","type":"product","link":"https:\/\/www.hirtenberg-apotheke.at\/katalog\/produkt\/multojod-gastreu-r12-tropfen-50-ml\/","title":{"rendered":"Multojod Gastreu R12 Tropfen 50 ml"},"content":{"rendered":"<p>Multojod Gastreu R12 Tropfen sind ein hom\u00f6opathisches Arzneimittel. Sie werden angewendet bei Ged\u00e4chtnisschw\u00e4che, Blutandrang, Schwindel sowie allgemeiner Arteriosklerose.<\/p>\n","protected":false},"excerpt":{"rendered":"<p>Multojod Gastreu R12 Tropfen sind ein hom\u00f6opathisches Arzneimittel. Sie werden angewendet bei Ged\u00e4chtnisschw\u00e4che, Blutandrang, Schwindel sowie allgemeiner Arteriosklerose.<\/p>\n","protected":false},"featured_media":69185,"template":"","meta":{"_acf_changed":false},"product_brand":[],"product_cat":[308],"product_tag":[],"class_list":{"0":"post-69183","1":"product","2":"type-product","3":"status-publish","4":"has-post-thumbnail","6":"product_cat-m","7":"pa_packungsgroesse-50ml","9":"first","10":"instock","11":"shipping-taxable","12":"purchasable","13":"product-type-simple"},"acf":[],"_links":{"self":[{"href":"https:\/\/www.hirtenberg-apotheke.at\/katalog\/wp-json\/wp\/v2\/product\/69183","targetHints":{"allow":["GET"]}}],"collection":[{"href":"https:\/\/www.hirtenberg-apotheke.at\/katalog\/wp-json\/wp\/v2\/product"}],"about":[{"href":"https:\/\/www.hirtenberg-apotheke.at\/katalog\/wp-json\/wp\/v2\/types\/product"}],"wp:featuredmedia":[{"embeddable":true,"href":"https:\/\/www.hirtenberg-apotheke.at\/katalog\/wp-json\/wp\/v2\/media\/69185"}],"wp:attachment":[{"href":"https:\/\/www.hirtenberg-apotheke.at\/katalog\/wp-json\/wp\/v2\/media?parent=69183"}],"wp:term":[{"taxonomy":"product_brand","embeddable":true,"href":"https:\/\/www.hirtenberg-apotheke.at\/katalog\/wp-json\/wp\/v2\/product_brand?post=69183"},{"taxonomy":"product_cat","embeddable":true,"href":"https:\/\/www.hirtenberg-apotheke.at\/katalog\/wp-json\/wp\/v2\/product_cat?post=69183"},{"taxonomy":"product_tag","embeddable":true,"href":"https:\/\/www.hirtenberg-apotheke.at\/katalog\/wp-json\/wp\/v2\/product_tag?post=69183"}],"curies":[{"name":"wp","href":"https:\/\/api.w.org\/{rel}","templated":true}]}}