{"id":69197,"date":"2025-11-27T06:13:34","date_gmt":"2025-11-27T05:13:34","guid":{"rendered":"https:\/\/www.hirtenberg-apotheke.at\/katalog\/produkt\/calcium-gastreu-r34-tropfen\/"},"modified":"2025-11-27T06:13:40","modified_gmt":"2025-11-27T05:13:40","slug":"calcium-gastreu-r34-tropfen","status":"publish","type":"product","link":"https:\/\/www.hirtenberg-apotheke.at\/katalog\/produkt\/calcium-gastreu-r34-tropfen\/","title":{"rendered":"Calcium Gastreu R34 Tropfen"},"content":{"rendered":"<p>Calcium Gastreu R34 Tropfen nutzen die bekanntesten Funktionen von Calcium im menschlichen Organismus. Essentiell ist seine Bedeutung f\u00fcr die Knochen und Z\u00e4hne, die zu einem grossen Teil aus Calciumverbindungen bestehen. Calcium ist dar\u00fcber hinaus auch f\u00fcr die ordnungsgem\u00e4sse Funktion von Muskeln und Nerven erforderlich.<\/p>\n","protected":false},"excerpt":{"rendered":"<p>Calcium Gastreu R34 Tropfen nutzen die bekanntesten Funktionen von Calcium im menschlichen Organismus. Essentiell ist seine Bedeutung f\u00fcr die Knochen und Z\u00e4hne, die zu einem grossen Teil aus Calciumverbindungen bestehen. Calcium ist dar\u00fcber hinaus auch f\u00fcr die ordnungsgem\u00e4sse Funktion von Muskeln und Nerven erforderlich.<\/p>\n","protected":false},"featured_media":69199,"template":"","meta":{"_acf_changed":false},"product_brand":[],"product_cat":[337],"product_tag":[],"class_list":{"0":"post-69197","1":"product","2":"type-product","3":"status-publish","4":"has-post-thumbnail","6":"product_cat-c","7":"pa_packungsgroesse-50ml","9":"first","10":"instock","11":"shipping-taxable","12":"purchasable","13":"product-type-simple"},"acf":[],"_links":{"self":[{"href":"https:\/\/www.hirtenberg-apotheke.at\/katalog\/wp-json\/wp\/v2\/product\/69197","targetHints":{"allow":["GET"]}}],"collection":[{"href":"https:\/\/www.hirtenberg-apotheke.at\/katalog\/wp-json\/wp\/v2\/product"}],"about":[{"href":"https:\/\/www.hirtenberg-apotheke.at\/katalog\/wp-json\/wp\/v2\/types\/product"}],"wp:featuredmedia":[{"embeddable":true,"href":"https:\/\/www.hirtenberg-apotheke.at\/katalog\/wp-json\/wp\/v2\/media\/69199"}],"wp:attachment":[{"href":"https:\/\/www.hirtenberg-apotheke.at\/katalog\/wp-json\/wp\/v2\/media?parent=69197"}],"wp:term":[{"taxonomy":"product_brand","embeddable":true,"href":"https:\/\/www.hirtenberg-apotheke.at\/katalog\/wp-json\/wp\/v2\/product_brand?post=69197"},{"taxonomy":"product_cat","embeddable":true,"href":"https:\/\/www.hirtenberg-apotheke.at\/katalog\/wp-json\/wp\/v2\/product_cat?post=69197"},{"taxonomy":"product_tag","embeddable":true,"href":"https:\/\/www.hirtenberg-apotheke.at\/katalog\/wp-json\/wp\/v2\/product_tag?post=69197"}],"curies":[{"name":"wp","href":"https:\/\/api.w.org\/{rel}","templated":true}]}}