{"id":69230,"date":"2025-11-27T06:14:33","date_gmt":"2025-11-27T05:14:33","guid":{"rendered":"https:\/\/www.hirtenberg-apotheke.at\/katalog\/produkt\/cal-mag-vital-100-g\/"},"modified":"2025-11-27T06:14:38","modified_gmt":"2025-11-27T05:14:38","slug":"cal-mag-vital-100-g","status":"publish","type":"product","link":"https:\/\/www.hirtenberg-apotheke.at\/katalog\/produkt\/cal-mag-vital-100-g\/","title":{"rendered":"Cal-Mag-vital 100 g"},"content":{"rendered":"<p>Cal-Mag-vital wirkt als Unterst\u00fctzung f\u00fcr einen gesunden Darm, da der enthaltene Essig F\u00e4ulnisbakterien abt\u00f6tet. Egal ob Muskelt\u00e4tigkeit, Herzfunktion, Kohlenhydrat- oder Eiwei\u00dfstoffwechsel, entspannte Nerven oder ganz einfach nur eine ausgeglichene Stimmungslage: Calcium und Magnesium sind dabei die Basismineralstoffe.<\/p>\n","protected":false},"excerpt":{"rendered":"<p>Cal-Mag-vital wirkt als Unterst\u00fctzung f\u00fcr einen gesunden Darm, da der enthaltene Essig F\u00e4ulnisbakterien abt\u00f6tet. Egal ob Muskelt\u00e4tigkeit, Herzfunktion, Kohlenhydrat- oder Eiwei\u00dfstoffwechsel, entspannte Nerven oder ganz einfach nur eine ausgeglichene Stimmungslage: Calcium und Magnesium sind dabei die Basismineralstoffe.<\/p>\n","protected":false},"featured_media":69232,"template":"","meta":{"_acf_changed":false},"product_brand":[],"product_cat":[337],"product_tag":[],"class_list":{"0":"post-69230","1":"product","2":"type-product","3":"status-publish","4":"has-post-thumbnail","6":"product_cat-c","7":"pa_packungsgroesse-100g","9":"first","10":"instock","11":"shipping-taxable","12":"purchasable","13":"product-type-simple"},"acf":[],"_links":{"self":[{"href":"https:\/\/www.hirtenberg-apotheke.at\/katalog\/wp-json\/wp\/v2\/product\/69230","targetHints":{"allow":["GET"]}}],"collection":[{"href":"https:\/\/www.hirtenberg-apotheke.at\/katalog\/wp-json\/wp\/v2\/product"}],"about":[{"href":"https:\/\/www.hirtenberg-apotheke.at\/katalog\/wp-json\/wp\/v2\/types\/product"}],"wp:featuredmedia":[{"embeddable":true,"href":"https:\/\/www.hirtenberg-apotheke.at\/katalog\/wp-json\/wp\/v2\/media\/69232"}],"wp:attachment":[{"href":"https:\/\/www.hirtenberg-apotheke.at\/katalog\/wp-json\/wp\/v2\/media?parent=69230"}],"wp:term":[{"taxonomy":"product_brand","embeddable":true,"href":"https:\/\/www.hirtenberg-apotheke.at\/katalog\/wp-json\/wp\/v2\/product_brand?post=69230"},{"taxonomy":"product_cat","embeddable":true,"href":"https:\/\/www.hirtenberg-apotheke.at\/katalog\/wp-json\/wp\/v2\/product_cat?post=69230"},{"taxonomy":"product_tag","embeddable":true,"href":"https:\/\/www.hirtenberg-apotheke.at\/katalog\/wp-json\/wp\/v2\/product_tag?post=69230"}],"curies":[{"name":"wp","href":"https:\/\/api.w.org\/{rel}","templated":true}]}}