{"id":70953,"date":"2025-11-27T07:03:43","date_gmt":"2025-11-27T06:03:43","guid":{"rendered":"https:\/\/www.hirtenberg-apotheke.at\/katalog\/produkt\/vichy-neovadiol-rose-platinum-nacht-creme-50-ml\/"},"modified":"2025-11-27T07:03:59","modified_gmt":"2025-11-27T06:03:59","slug":"vichy-neovadiol-rose-platinum-nacht-creme-50-ml","status":"publish","type":"product","link":"https:\/\/www.hirtenberg-apotheke.at\/katalog\/produkt\/vichy-neovadiol-rose-platinum-nacht-creme-50-ml\/","title":{"rendered":"VICHY Neovadiol Rose Platinum Nacht Creme 50 ml"},"content":{"rendered":"<p>Mit zunehmendem Alter wird die Haut d\u00fcnner und schlaffer und regeneriert sich nicht mehr wie zuvor. NEOVADIOL ROSE PLATINIUM NACHT verbessert die Hautregeneration \u00fcber Nacht und kombiniert einzigartige, naturbasierte Aktivstoffe f\u00fcr einen rosig-frischen Teint ab dem ersten Morgen. Calcium st\u00e4rkt, festigt und baut die Haut auf. Bienenwachs sch\u00fctzt &#038; pflegt die Haut intensiv. Pflanzlicher Zucker mildert die Falten und verbessert die Spannkraft und Elastizit\u00e4t der Haut. Rosen Extrakt beruhigt und schenkt Wohlgef\u00fchl.<\/p>\n","protected":false},"excerpt":{"rendered":"<p>Mit zunehmendem Alter wird die Haut d\u00fcnner und schlaffer und regeneriert sich nicht mehr wie zuvor. NEOVADIOL ROSE PLATINIUM NACHT verbessert die Hautregeneration \u00fcber Nacht und kombiniert einzigartige, naturbasierte Aktivstoffe f\u00fcr einen rosig-frischen Teint ab dem ersten Morgen. Calcium st\u00e4rkt, festigt und baut die Haut auf. Bienenwachs sch\u00fctzt &#038; pflegt die Haut intensiv. Pflanzlicher Zucker [&hellip;]<\/p>\n","protected":false},"featured_media":70955,"template":"","meta":{"_acf_changed":false},"product_brand":[691],"product_cat":[300],"product_tag":[],"class_list":{"0":"post-70953","1":"product","2":"type-product","3":"status-publish","4":"has-post-thumbnail","6":"product_brand-vichy","7":"product_cat-v","8":"pa_packungsgroesse-50ml","10":"first","11":"instock","12":"shipping-taxable","13":"purchasable","14":"product-type-simple"},"acf":[],"_links":{"self":[{"href":"https:\/\/www.hirtenberg-apotheke.at\/katalog\/wp-json\/wp\/v2\/product\/70953","targetHints":{"allow":["GET"]}}],"collection":[{"href":"https:\/\/www.hirtenberg-apotheke.at\/katalog\/wp-json\/wp\/v2\/product"}],"about":[{"href":"https:\/\/www.hirtenberg-apotheke.at\/katalog\/wp-json\/wp\/v2\/types\/product"}],"wp:featuredmedia":[{"embeddable":true,"href":"https:\/\/www.hirtenberg-apotheke.at\/katalog\/wp-json\/wp\/v2\/media\/70955"}],"wp:attachment":[{"href":"https:\/\/www.hirtenberg-apotheke.at\/katalog\/wp-json\/wp\/v2\/media?parent=70953"}],"wp:term":[{"taxonomy":"product_brand","embeddable":true,"href":"https:\/\/www.hirtenberg-apotheke.at\/katalog\/wp-json\/wp\/v2\/product_brand?post=70953"},{"taxonomy":"product_cat","embeddable":true,"href":"https:\/\/www.hirtenberg-apotheke.at\/katalog\/wp-json\/wp\/v2\/product_cat?post=70953"},{"taxonomy":"product_tag","embeddable":true,"href":"https:\/\/www.hirtenberg-apotheke.at\/katalog\/wp-json\/wp\/v2\/product_tag?post=70953"}],"curies":[{"name":"wp","href":"https:\/\/api.w.org\/{rel}","templated":true}]}}