{"id":72162,"date":"2025-11-27T07:37:49","date_gmt":"2025-11-27T06:37:49","guid":{"rendered":"https:\/\/www.hirtenberg-apotheke.at\/katalog\/produkt\/la-roche-posay-toleriane-dermallergo-serum-20-ml\/"},"modified":"2025-11-27T07:38:09","modified_gmt":"2025-11-27T06:38:09","slug":"la-roche-posay-toleriane-dermallergo-serum-20-ml","status":"publish","type":"product","link":"https:\/\/www.hirtenberg-apotheke.at\/katalog\/produkt\/la-roche-posay-toleriane-dermallergo-serum-20-ml\/","title":{"rendered":"La Roche-Posay Toleriane Dermallergo Serum 20 ml"},"content":{"rendered":"<p>Das La Roche-Posay Toleriane Ultra Dermallergo Serum mit Neurosensine und Hyaluron spendet der Haut intensiv Feuchtigkeit und beruhigt. Juckreiz und R\u00f6tungen im Gesicht werden sofort gemildert. Das Serum ist f\u00fcr empfindliche bis \u00fcberempfindliche Haut, die zu R\u00f6tungen, Juckreiz oder Irritationen neigt, geeignet.<\/p>\n","protected":false},"excerpt":{"rendered":"<p>Das La Roche-Posay Toleriane Ultra Dermallergo Serum mit Neurosensine und Hyaluron spendet der Haut intensiv Feuchtigkeit und beruhigt. Juckreiz und R\u00f6tungen im Gesicht werden sofort gemildert. Das Serum ist f\u00fcr empfindliche bis \u00fcberempfindliche Haut, die zu R\u00f6tungen, Juckreiz oder Irritationen neigt, geeignet.<\/p>\n","protected":false},"featured_media":72164,"template":"","meta":{"_acf_changed":false},"product_brand":[692],"product_cat":[317],"product_tag":[],"class_list":{"0":"post-72162","1":"product","2":"type-product","3":"status-publish","4":"has-post-thumbnail","6":"product_brand-la-roche-posay","7":"product_cat-l","8":"pa_packungsgroesse-20ml","10":"first","11":"instock","12":"shipping-taxable","13":"purchasable","14":"product-type-simple"},"acf":[],"_links":{"self":[{"href":"https:\/\/www.hirtenberg-apotheke.at\/katalog\/wp-json\/wp\/v2\/product\/72162","targetHints":{"allow":["GET"]}}],"collection":[{"href":"https:\/\/www.hirtenberg-apotheke.at\/katalog\/wp-json\/wp\/v2\/product"}],"about":[{"href":"https:\/\/www.hirtenberg-apotheke.at\/katalog\/wp-json\/wp\/v2\/types\/product"}],"wp:featuredmedia":[{"embeddable":true,"href":"https:\/\/www.hirtenberg-apotheke.at\/katalog\/wp-json\/wp\/v2\/media\/72164"}],"wp:attachment":[{"href":"https:\/\/www.hirtenberg-apotheke.at\/katalog\/wp-json\/wp\/v2\/media?parent=72162"}],"wp:term":[{"taxonomy":"product_brand","embeddable":true,"href":"https:\/\/www.hirtenberg-apotheke.at\/katalog\/wp-json\/wp\/v2\/product_brand?post=72162"},{"taxonomy":"product_cat","embeddable":true,"href":"https:\/\/www.hirtenberg-apotheke.at\/katalog\/wp-json\/wp\/v2\/product_cat?post=72162"},{"taxonomy":"product_tag","embeddable":true,"href":"https:\/\/www.hirtenberg-apotheke.at\/katalog\/wp-json\/wp\/v2\/product_tag?post=72162"}],"curies":[{"name":"wp","href":"https:\/\/api.w.org\/{rel}","templated":true}]}}