{"id":72702,"date":"2025-11-27T07:50:50","date_gmt":"2025-11-27T06:50:50","guid":{"rendered":"https:\/\/www.hirtenberg-apotheke.at\/katalog\/produkt\/bionect-control-spray-50-ml\/"},"modified":"2025-11-27T07:52:10","modified_gmt":"2025-11-27T06:52:10","slug":"bionect-control-spray-50-ml","status":"publish","type":"product","link":"https:\/\/www.hirtenberg-apotheke.at\/katalog\/produkt\/bionect-control-spray-50-ml\/","title":{"rendered":"Bionect Control Spray 50 ml"},"content":{"rendered":"<p>Bionect Control Spray f\u00f6rdert die nat\u00fcrliche Wundheilung und sch\u00fctzt vor exogenen Keimen mit Hyalurons\u00e4ure und Silber. Hyalurons\u00e4ure unterst\u00fctzt den Wundheilungsproze\u00df in allen Phasen und verbessert und beschleunigt die Wundheilung.Hyalurons\u00e4ure und metallisches Silber bilden eine Schutzbarierre gegen das Eindringen von Keimen.Bionect Control Spray hilft bei:Schnitt- und Sch\u00fcrfwunden, lokal begrenzten Verbrennungen 1. und 2. Grades, rissiger Haut, diabetischem Fu\u00dfsyndrom, Fu\u00dfpilz und Druckstellen.<\/p>\n","protected":false},"excerpt":{"rendered":"<p>Bionect Control Spray f\u00f6rdert die nat\u00fcrliche Wundheilung und sch\u00fctzt vor exogenen Keimen mit Hyalurons\u00e4ure und Silber. Hyalurons\u00e4ure unterst\u00fctzt den Wundheilungsproze\u00df in allen Phasen und verbessert und beschleunigt die Wundheilung.Hyalurons\u00e4ure und metallisches Silber bilden eine Schutzbarierre gegen das Eindringen von Keimen.Bionect Control Spray hilft bei:Schnitt- und Sch\u00fcrfwunden, lokal begrenzten Verbrennungen 1. und 2. Grades, rissiger Haut, [&hellip;]<\/p>\n","protected":false},"featured_media":72704,"template":"","meta":{"_acf_changed":false},"product_brand":[],"product_cat":[292],"product_tag":[],"class_list":{"0":"post-72702","1":"product","2":"type-product","3":"status-publish","4":"has-post-thumbnail","6":"product_cat-b","7":"pa_packungsgroesse-50ml","9":"first","10":"instock","11":"shipping-taxable","12":"purchasable","13":"product-type-simple"},"acf":[],"_links":{"self":[{"href":"https:\/\/www.hirtenberg-apotheke.at\/katalog\/wp-json\/wp\/v2\/product\/72702","targetHints":{"allow":["GET"]}}],"collection":[{"href":"https:\/\/www.hirtenberg-apotheke.at\/katalog\/wp-json\/wp\/v2\/product"}],"about":[{"href":"https:\/\/www.hirtenberg-apotheke.at\/katalog\/wp-json\/wp\/v2\/types\/product"}],"wp:featuredmedia":[{"embeddable":true,"href":"https:\/\/www.hirtenberg-apotheke.at\/katalog\/wp-json\/wp\/v2\/media\/72704"}],"wp:attachment":[{"href":"https:\/\/www.hirtenberg-apotheke.at\/katalog\/wp-json\/wp\/v2\/media?parent=72702"}],"wp:term":[{"taxonomy":"product_brand","embeddable":true,"href":"https:\/\/www.hirtenberg-apotheke.at\/katalog\/wp-json\/wp\/v2\/product_brand?post=72702"},{"taxonomy":"product_cat","embeddable":true,"href":"https:\/\/www.hirtenberg-apotheke.at\/katalog\/wp-json\/wp\/v2\/product_cat?post=72702"},{"taxonomy":"product_tag","embeddable":true,"href":"https:\/\/www.hirtenberg-apotheke.at\/katalog\/wp-json\/wp\/v2\/product_tag?post=72702"}],"curies":[{"name":"wp","href":"https:\/\/api.w.org\/{rel}","templated":true}]}}