{"id":72713,"date":"2025-11-27T07:52:10","date_gmt":"2025-11-27T06:52:10","guid":{"rendered":"https:\/\/www.hirtenberg-apotheke.at\/katalog\/produkt\/lavidal-anti-age-anti-pigmentflecken-sonnenschutz-creme-50-ml-lsf-50\/"},"modified":"2025-11-27T07:52:12","modified_gmt":"2025-11-27T06:52:12","slug":"lavidal-anti-age-anti-pigmentflecken-sonnenschutz-creme-50-ml-lsf-50","status":"publish","type":"product","link":"https:\/\/www.hirtenberg-apotheke.at\/katalog\/produkt\/lavidal-anti-age-anti-pigmentflecken-sonnenschutz-creme-50-ml-lsf-50\/","title":{"rendered":"Lavidal Anti-Age &#038; Anti-Pigmentflecken Sonnenschutz Creme 50 ML LSF 50+"},"content":{"rendered":"<p>Der Ladival\u00ae Anti-Age &#038; Anti-Pigmentflecken Sonnenschutz bietet hohen und sofort wirksamen Schutz vor Sonnenbrand. Die leichte, nicht fettende Textur zieht schnell ein und beugt mit innovativen Antioxidantien Pigmentflecken vor. Der Anti-Age Komplex tr\u00e4gt zus\u00e4tzlich dazu bei die Neuentstehung von licht-bedingter Faltenbildung und \u00dcberpigmentierung zu vermindern \u2013 ideal f\u00fcr die t\u00e4gliche Anwendung im Gesicht, Hals und Dekollete sowie an den H\u00e4nden .<\/p>\n","protected":false},"excerpt":{"rendered":"<p>Der Ladival\u00ae Anti-Age &#038; Anti-Pigmentflecken Sonnenschutz bietet hohen und sofort wirksamen Schutz vor Sonnenbrand. Die leichte, nicht fettende Textur zieht schnell ein und beugt mit innovativen Antioxidantien Pigmentflecken vor. Der Anti-Age Komplex tr\u00e4gt zus\u00e4tzlich dazu bei die Neuentstehung von licht-bedingter Faltenbildung und \u00dcberpigmentierung zu vermindern \u2013 ideal f\u00fcr die t\u00e4gliche Anwendung im Gesicht, Hals und [&hellip;]<\/p>\n","protected":false},"featured_media":0,"template":"","meta":{"_acf_changed":false},"product_brand":[1017],"product_cat":[317],"product_tag":[],"class_list":{"0":"post-72713","1":"product","2":"type-product","3":"status-publish","5":"product_brand-ladival","6":"product_cat-l","7":"pa_packungsgroesse-50ml","9":"first","10":"instock","11":"shipping-taxable","12":"purchasable","13":"product-type-simple"},"acf":[],"_links":{"self":[{"href":"https:\/\/www.hirtenberg-apotheke.at\/katalog\/wp-json\/wp\/v2\/product\/72713","targetHints":{"allow":["GET"]}}],"collection":[{"href":"https:\/\/www.hirtenberg-apotheke.at\/katalog\/wp-json\/wp\/v2\/product"}],"about":[{"href":"https:\/\/www.hirtenberg-apotheke.at\/katalog\/wp-json\/wp\/v2\/types\/product"}],"wp:attachment":[{"href":"https:\/\/www.hirtenberg-apotheke.at\/katalog\/wp-json\/wp\/v2\/media?parent=72713"}],"wp:term":[{"taxonomy":"product_brand","embeddable":true,"href":"https:\/\/www.hirtenberg-apotheke.at\/katalog\/wp-json\/wp\/v2\/product_brand?post=72713"},{"taxonomy":"product_cat","embeddable":true,"href":"https:\/\/www.hirtenberg-apotheke.at\/katalog\/wp-json\/wp\/v2\/product_cat?post=72713"},{"taxonomy":"product_tag","embeddable":true,"href":"https:\/\/www.hirtenberg-apotheke.at\/katalog\/wp-json\/wp\/v2\/product_tag?post=72713"}],"curies":[{"name":"wp","href":"https:\/\/api.w.org\/{rel}","templated":true}]}}