{"id":72895,"date":"2025-11-27T10:05:52","date_gmt":"2025-11-27T09:05:52","guid":{"rendered":"https:\/\/www.hirtenberg-apotheke.at\/katalog\/produkt\/burgerstein-mood-kapseln-60-stk\/"},"modified":"2025-11-27T10:07:00","modified_gmt":"2025-11-27T09:07:00","slug":"burgerstein-mood-kapseln-60-stk","status":"publish","type":"product","link":"https:\/\/www.hirtenberg-apotheke.at\/katalog\/produkt\/burgerstein-mood-kapseln-60-stk\/","title":{"rendered":"Burgerstein Mood Kapseln 60 Stk."},"content":{"rendered":"<p>Burgerstein Mood enth\u00e4lt Safran- und Melissenextrakt aus kontrolliertem Anbau sowie ausgew\u00e4hlte Mikron\u00e4hrstoffe f\u00fcr ein positives Lebensgef\u00fchl und das innere Gleichgewicht. Fast jeder kennt dieses kleine Tief, aus dem man nicht wirklich herauskommt. Wenn die Motivation f\u00fcr alles fehlt, man nur noch funktioniert und sich am liebsten verkriechen m\u00f6chte. In diesen Zeiten m\u00f6chten wir Sie mit Burgerstein Mood unterst\u00fctzen.<\/p>\n","protected":false},"excerpt":{"rendered":"<p>Burgerstein Mood enth\u00e4lt Safran- und Melissenextrakt aus kontrolliertem Anbau sowie ausgew\u00e4hlte Mikron\u00e4hrstoffe f\u00fcr ein positives Lebensgef\u00fchl und das innere Gleichgewicht. Fast jeder kennt dieses kleine Tief, aus dem man nicht wirklich herauskommt. Wenn die Motivation f\u00fcr alles fehlt, man nur noch funktioniert und sich am liebsten verkriechen m\u00f6chte. In diesen Zeiten m\u00f6chten wir Sie mit [&hellip;]<\/p>\n","protected":false},"featured_media":72897,"template":"","meta":{"_acf_changed":false},"product_brand":[422],"product_cat":[292],"product_tag":[],"class_list":{"0":"post-72895","1":"product","2":"type-product","3":"status-publish","4":"has-post-thumbnail","6":"product_brand-burgerstein","7":"product_cat-b","8":"pa_packungsgroesse-60-stueck","10":"first","11":"instock","12":"shipping-taxable","13":"purchasable","14":"product-type-simple"},"acf":[],"_links":{"self":[{"href":"https:\/\/www.hirtenberg-apotheke.at\/katalog\/wp-json\/wp\/v2\/product\/72895","targetHints":{"allow":["GET"]}}],"collection":[{"href":"https:\/\/www.hirtenberg-apotheke.at\/katalog\/wp-json\/wp\/v2\/product"}],"about":[{"href":"https:\/\/www.hirtenberg-apotheke.at\/katalog\/wp-json\/wp\/v2\/types\/product"}],"wp:featuredmedia":[{"embeddable":true,"href":"https:\/\/www.hirtenberg-apotheke.at\/katalog\/wp-json\/wp\/v2\/media\/72897"}],"wp:attachment":[{"href":"https:\/\/www.hirtenberg-apotheke.at\/katalog\/wp-json\/wp\/v2\/media?parent=72895"}],"wp:term":[{"taxonomy":"product_brand","embeddable":true,"href":"https:\/\/www.hirtenberg-apotheke.at\/katalog\/wp-json\/wp\/v2\/product_brand?post=72895"},{"taxonomy":"product_cat","embeddable":true,"href":"https:\/\/www.hirtenberg-apotheke.at\/katalog\/wp-json\/wp\/v2\/product_cat?post=72895"},{"taxonomy":"product_tag","embeddable":true,"href":"https:\/\/www.hirtenberg-apotheke.at\/katalog\/wp-json\/wp\/v2\/product_tag?post=72895"}],"curies":[{"name":"wp","href":"https:\/\/api.w.org\/{rel}","templated":true}]}}