{"id":73088,"date":"2025-11-27T10:11:59","date_gmt":"2025-11-27T09:11:59","guid":{"rendered":"https:\/\/www.hirtenberg-apotheke.at\/katalog\/produkt\/nuxe-very-rose-peeling-lotion-150-ml\/"},"modified":"2025-11-27T10:12:15","modified_gmt":"2025-11-27T09:12:15","slug":"nuxe-very-rose-peeling-lotion-150-ml","status":"publish","type":"product","link":"https:\/\/www.hirtenberg-apotheke.at\/katalog\/produkt\/nuxe-very-rose-peeling-lotion-150-ml\/","title":{"rendered":"Nuxe Very Rose Peeling Lotion 150 ml"},"content":{"rendered":"<p>Very Rose Peeling Lotion ist ein Mikropeeling f\u00fcr die t\u00e4gliche Anwendung. Es reinigt die Haut im Gesicht bis in die feinsten Poren und sorgt f\u00fcr ein klares und frisches Hautbild. Es ist f\u00fcr alle Hauttypen und f\u00fcr die Anwendung \u00fcber Nacht geeignet. 98 % der Wirkstoffe sind nat\u00fcrlichen Ursprungs.Diese Peeling-Lotion sorgt tagt\u00e4glich sanft f\u00fcr die Erneuerung der Haut.Sie besteht aus Rosenbl\u00fctenwasser und Fruchts\u00e4uren. Ihre Formulierung mit zartem Rosenduft sorgt daf\u00fcr, dass abgestorbene Hautzellen nach und nach entfernt werden.Die Haut wir erneuert, ist glatter, der Teint strahlt und ist einheitlich.<\/p>\n","protected":false},"excerpt":{"rendered":"<p>Very Rose Peeling Lotion ist ein Mikropeeling f\u00fcr die t\u00e4gliche Anwendung. Es reinigt die Haut im Gesicht bis in die feinsten Poren und sorgt f\u00fcr ein klares und frisches Hautbild. Es ist f\u00fcr alle Hauttypen und f\u00fcr die Anwendung \u00fcber Nacht geeignet. 98 % der Wirkstoffe sind nat\u00fcrlichen Ursprungs.Diese Peeling-Lotion sorgt tagt\u00e4glich sanft f\u00fcr die [&hellip;]<\/p>\n","protected":false},"featured_media":73090,"template":"","meta":{"_acf_changed":false},"product_brand":[720],"product_cat":[310],"product_tag":[],"class_list":{"0":"post-73088","1":"product","2":"type-product","3":"status-publish","4":"has-post-thumbnail","6":"product_brand-nuxe","7":"product_cat-n","8":"pa_packungsgroesse-150ml","10":"first","11":"instock","12":"shipping-taxable","13":"purchasable","14":"product-type-simple"},"acf":[],"_links":{"self":[{"href":"https:\/\/www.hirtenberg-apotheke.at\/katalog\/wp-json\/wp\/v2\/product\/73088","targetHints":{"allow":["GET"]}}],"collection":[{"href":"https:\/\/www.hirtenberg-apotheke.at\/katalog\/wp-json\/wp\/v2\/product"}],"about":[{"href":"https:\/\/www.hirtenberg-apotheke.at\/katalog\/wp-json\/wp\/v2\/types\/product"}],"wp:featuredmedia":[{"embeddable":true,"href":"https:\/\/www.hirtenberg-apotheke.at\/katalog\/wp-json\/wp\/v2\/media\/73090"}],"wp:attachment":[{"href":"https:\/\/www.hirtenberg-apotheke.at\/katalog\/wp-json\/wp\/v2\/media?parent=73088"}],"wp:term":[{"taxonomy":"product_brand","embeddable":true,"href":"https:\/\/www.hirtenberg-apotheke.at\/katalog\/wp-json\/wp\/v2\/product_brand?post=73088"},{"taxonomy":"product_cat","embeddable":true,"href":"https:\/\/www.hirtenberg-apotheke.at\/katalog\/wp-json\/wp\/v2\/product_cat?post=73088"},{"taxonomy":"product_tag","embeddable":true,"href":"https:\/\/www.hirtenberg-apotheke.at\/katalog\/wp-json\/wp\/v2\/product_tag?post=73088"}],"curies":[{"name":"wp","href":"https:\/\/api.w.org\/{rel}","templated":true}]}}