{"id":75189,"date":"2025-11-27T23:16:43","date_gmt":"2025-11-27T22:16:43","guid":{"rendered":"https:\/\/www.hirtenberg-apotheke.at\/katalog\/produkt\/pure-encapsulations-ginkgo-plus-kapseln-60-stk\/"},"modified":"2025-11-27T23:17:28","modified_gmt":"2025-11-27T22:17:28","slug":"pure-encapsulations-ginkgo-plus-kapseln-60-stk","status":"publish","type":"product","link":"https:\/\/www.hirtenberg-apotheke.at\/katalog\/produkt\/pure-encapsulations-ginkgo-plus-kapseln-60-stk\/","title":{"rendered":"Pure Encapsulations Ginkgo Plus Kapseln 60 Stk."},"content":{"rendered":"<p>Ginkgo plus enth\u00e4lt Extrakt aus der Ginkgo biloba Pflanze, ausgew\u00e4hlte B-Vitamine und das Spurenelement Zink f\u00fcr das Ged\u00e4chtnis. Der Extrakt aus Ginkgo Bl\u00e4ttern wird in Ginkgo plus mit Zink und B-Vitaminen kombiniert. Gemeinsam mit Zink spielen die Vitamine B6, B12 und Folat eine bedeutende Rolle f\u00fcr das Ged\u00e4chtnis. Ihre physiologische Wirkung betrifft dabei sowohl die Merkf\u00e4higkeit als auch die Erinnerung.Je hochwertiger der Pflanzenextrakt, desto mehr wertbestimmende Inhaltsstoffe sind in ihm enthalten. Deshalb ist der Extrakt in den Ginkgo plus Kapseln von Pure Encapsulations\u00ae auf die Bestandteile Ginkgoheteroside (24 %) und Terpenlaktone (6 %) standardisiert. Pure Encapsulations\u00ae testet alle eingesetzten Pflanzenextrakte au\u00dferdem auf insgesamt 70 verschiedene Pestizide. So werden\u00a0Reinheit und Qualit\u00e4t\u00a0der hochwertigen Produkte sichergestellt..<\/p>\n","protected":false},"excerpt":{"rendered":"<p>Ginkgo plus enth\u00e4lt Extrakt aus der Ginkgo biloba Pflanze, ausgew\u00e4hlte B-Vitamine und das Spurenelement Zink f\u00fcr das Ged\u00e4chtnis. Der Extrakt aus Ginkgo Bl\u00e4ttern wird in Ginkgo plus mit Zink und B-Vitaminen kombiniert. Gemeinsam mit Zink spielen die Vitamine B6, B12 und Folat eine bedeutende Rolle f\u00fcr das Ged\u00e4chtnis. Ihre physiologische Wirkung betrifft dabei sowohl die [&hellip;]<\/p>\n","protected":false},"featured_media":75191,"template":"","meta":{"_acf_changed":false},"product_brand":[1033],"product_cat":[302],"product_tag":[],"class_list":{"0":"post-75189","1":"product","2":"type-product","3":"status-publish","4":"has-post-thumbnail","6":"product_brand-pure-encapsulations","7":"product_cat-p","8":"pa_packungsgroesse-60-stueck","10":"first","11":"instock","12":"shipping-taxable","13":"purchasable","14":"product-type-simple"},"acf":[],"_links":{"self":[{"href":"https:\/\/www.hirtenberg-apotheke.at\/katalog\/wp-json\/wp\/v2\/product\/75189","targetHints":{"allow":["GET"]}}],"collection":[{"href":"https:\/\/www.hirtenberg-apotheke.at\/katalog\/wp-json\/wp\/v2\/product"}],"about":[{"href":"https:\/\/www.hirtenberg-apotheke.at\/katalog\/wp-json\/wp\/v2\/types\/product"}],"wp:featuredmedia":[{"embeddable":true,"href":"https:\/\/www.hirtenberg-apotheke.at\/katalog\/wp-json\/wp\/v2\/media\/75191"}],"wp:attachment":[{"href":"https:\/\/www.hirtenberg-apotheke.at\/katalog\/wp-json\/wp\/v2\/media?parent=75189"}],"wp:term":[{"taxonomy":"product_brand","embeddable":true,"href":"https:\/\/www.hirtenberg-apotheke.at\/katalog\/wp-json\/wp\/v2\/product_brand?post=75189"},{"taxonomy":"product_cat","embeddable":true,"href":"https:\/\/www.hirtenberg-apotheke.at\/katalog\/wp-json\/wp\/v2\/product_cat?post=75189"},{"taxonomy":"product_tag","embeddable":true,"href":"https:\/\/www.hirtenberg-apotheke.at\/katalog\/wp-json\/wp\/v2\/product_tag?post=75189"}],"curies":[{"name":"wp","href":"https:\/\/api.w.org\/{rel}","templated":true}]}}