{"id":75392,"date":"2025-11-27T23:21:41","date_gmt":"2025-11-27T22:21:41","guid":{"rendered":"https:\/\/www.hirtenberg-apotheke.at\/katalog\/produkt\/pharmos-natur-day-protect-cream-50-ml\/"},"modified":"2025-11-27T23:21:44","modified_gmt":"2025-11-27T22:21:44","slug":"pharmos-natur-day-protect-cream-50-ml","status":"publish","type":"product","link":"https:\/\/www.hirtenberg-apotheke.at\/katalog\/produkt\/pharmos-natur-day-protect-cream-50-ml\/","title":{"rendered":"PHARMOS NATUR Day Protect Cream 50 ml"},"content":{"rendered":"<p>PHARMOS NATUR Day Protect Cream ist eine vitalstoffreiche Pflegecreme mit Lichtschutzfaktor (SPF 6). Sie sch\u00fctzt vor freien Radikalen, ist entz\u00fcndungshemmend und deckt R\u00f6tungen ab. Gleichzeitig sorgt f\u00fcr einen samtig-golden schimmernden Teint. F\u00fcr \u00f6lige Haut, Mischhaut und bei Akne. Ganz besonders f\u00fcr die empfindliche Haut geeignet.<\/p>\n","protected":false},"excerpt":{"rendered":"<p>PHARMOS NATUR Day Protect Cream ist eine vitalstoffreiche Pflegecreme mit Lichtschutzfaktor (SPF 6). Sie sch\u00fctzt vor freien Radikalen, ist entz\u00fcndungshemmend und deckt R\u00f6tungen ab. Gleichzeitig sorgt f\u00fcr einen samtig-golden schimmernden Teint. F\u00fcr \u00f6lige Haut, Mischhaut und bei Akne. Ganz besonders f\u00fcr die empfindliche Haut geeignet.<\/p>\n","protected":false},"featured_media":0,"template":"","meta":{"_acf_changed":false},"product_brand":[],"product_cat":[302],"product_tag":[],"class_list":{"0":"post-75392","1":"product","2":"type-product","3":"status-publish","5":"product_cat-p","6":"pa_packungsgroesse-50ml","8":"first","9":"instock","10":"shipping-taxable","11":"purchasable","12":"product-type-simple"},"acf":[],"_links":{"self":[{"href":"https:\/\/www.hirtenberg-apotheke.at\/katalog\/wp-json\/wp\/v2\/product\/75392","targetHints":{"allow":["GET"]}}],"collection":[{"href":"https:\/\/www.hirtenberg-apotheke.at\/katalog\/wp-json\/wp\/v2\/product"}],"about":[{"href":"https:\/\/www.hirtenberg-apotheke.at\/katalog\/wp-json\/wp\/v2\/types\/product"}],"wp:attachment":[{"href":"https:\/\/www.hirtenberg-apotheke.at\/katalog\/wp-json\/wp\/v2\/media?parent=75392"}],"wp:term":[{"taxonomy":"product_brand","embeddable":true,"href":"https:\/\/www.hirtenberg-apotheke.at\/katalog\/wp-json\/wp\/v2\/product_brand?post=75392"},{"taxonomy":"product_cat","embeddable":true,"href":"https:\/\/www.hirtenberg-apotheke.at\/katalog\/wp-json\/wp\/v2\/product_cat?post=75392"},{"taxonomy":"product_tag","embeddable":true,"href":"https:\/\/www.hirtenberg-apotheke.at\/katalog\/wp-json\/wp\/v2\/product_tag?post=75392"}],"curies":[{"name":"wp","href":"https:\/\/api.w.org\/{rel}","templated":true}]}}