{"id":75938,"date":"2025-11-27T23:35:59","date_gmt":"2025-11-27T22:35:59","guid":{"rendered":"https:\/\/www.hirtenberg-apotheke.at\/katalog\/produkt\/ney-skin-day-creme-coenzym-q10-50-ml\/"},"modified":"2025-11-27T23:36:18","modified_gmt":"2025-11-27T22:36:18","slug":"ney-skin-day-creme-coenzym-q10-50-ml","status":"publish","type":"product","link":"https:\/\/www.hirtenberg-apotheke.at\/katalog\/produkt\/ney-skin-day-creme-coenzym-q10-50-ml\/","title":{"rendered":"Ney Skin Day Creme Coenzym Q10 50 ml"},"content":{"rendered":"<p>Ney Skin Day Creme mit hochwirksamem Coenzym Q10 unterst\u00fctzt den Stoffwechsel der mitochondrialen Zellkraftwerke und sorgt f\u00fcr den n\u00f6tigen Energieschub der Haut. Calendula\u00f6l wirkt beruhigend, pflegend und spendet Feuchtigkeit und bietet zudem Schutz vor Austrocknung und f\u00f6rdert die Zellregeneration. Sheabutter enth\u00e4lt das Sch\u00f6nheits-Vitamin A und das Zellschutz-Vitamin E.<\/p>\n","protected":false},"excerpt":{"rendered":"<p>Ney Skin Day Creme mit hochwirksamem Coenzym Q10 unterst\u00fctzt den Stoffwechsel der mitochondrialen Zellkraftwerke und sorgt f\u00fcr den n\u00f6tigen Energieschub der Haut. Calendula\u00f6l wirkt beruhigend, pflegend und spendet Feuchtigkeit und bietet zudem Schutz vor Austrocknung und f\u00f6rdert die Zellregeneration. Sheabutter enth\u00e4lt das Sch\u00f6nheits-Vitamin A und das Zellschutz-Vitamin E.<\/p>\n","protected":false},"featured_media":75940,"template":"","meta":{"_acf_changed":false},"product_brand":[],"product_cat":[310],"product_tag":[],"class_list":{"0":"post-75938","1":"product","2":"type-product","3":"status-publish","4":"has-post-thumbnail","6":"product_cat-n","7":"pa_packungsgroesse-50ml","9":"first","10":"instock","11":"shipping-taxable","12":"purchasable","13":"product-type-simple"},"acf":[],"_links":{"self":[{"href":"https:\/\/www.hirtenberg-apotheke.at\/katalog\/wp-json\/wp\/v2\/product\/75938","targetHints":{"allow":["GET"]}}],"collection":[{"href":"https:\/\/www.hirtenberg-apotheke.at\/katalog\/wp-json\/wp\/v2\/product"}],"about":[{"href":"https:\/\/www.hirtenberg-apotheke.at\/katalog\/wp-json\/wp\/v2\/types\/product"}],"wp:featuredmedia":[{"embeddable":true,"href":"https:\/\/www.hirtenberg-apotheke.at\/katalog\/wp-json\/wp\/v2\/media\/75940"}],"wp:attachment":[{"href":"https:\/\/www.hirtenberg-apotheke.at\/katalog\/wp-json\/wp\/v2\/media?parent=75938"}],"wp:term":[{"taxonomy":"product_brand","embeddable":true,"href":"https:\/\/www.hirtenberg-apotheke.at\/katalog\/wp-json\/wp\/v2\/product_brand?post=75938"},{"taxonomy":"product_cat","embeddable":true,"href":"https:\/\/www.hirtenberg-apotheke.at\/katalog\/wp-json\/wp\/v2\/product_cat?post=75938"},{"taxonomy":"product_tag","embeddable":true,"href":"https:\/\/www.hirtenberg-apotheke.at\/katalog\/wp-json\/wp\/v2\/product_tag?post=75938"}],"curies":[{"name":"wp","href":"https:\/\/api.w.org\/{rel}","templated":true}]}}