{"id":75996,"date":"2025-11-27T23:37:12","date_gmt":"2025-11-27T22:37:12","guid":{"rendered":"https:\/\/www.hirtenberg-apotheke.at\/katalog\/produkt\/styx-shampoo-kraeuter-200-ml-normale-haut\/"},"modified":"2025-11-27T23:37:17","modified_gmt":"2025-11-27T22:37:17","slug":"styx-shampoo-kraeuter-200-ml-normale-haut","status":"publish","type":"product","link":"https:\/\/www.hirtenberg-apotheke.at\/katalog\/produkt\/styx-shampoo-kraeuter-200-ml-normale-haut\/","title":{"rendered":"Styx Shampoo Kr\u00e4uter 200 ml Normale Haut"},"content":{"rendered":"<p>Styx Shampoo Kr\u00e4uter Normale Haut &#8211; Brennnessel und Hopfen f\u00f6rdern die Durchblutung, sch\u00fctzen das Haar vor sch\u00e4dlichen Umwelteinfl\u00fcssen und lassen es gesund und kr\u00e4ftig erstrahlen..<\/p>\n","protected":false},"excerpt":{"rendered":"<p>Styx Shampoo Kr\u00e4uter Normale Haut &#8211; Brennnessel und Hopfen f\u00f6rdern die Durchblutung, sch\u00fctzen das Haar vor sch\u00e4dlichen Umwelteinfl\u00fcssen und lassen es gesund und kr\u00e4ftig erstrahlen..<\/p>\n","protected":false},"featured_media":0,"template":"","meta":{"_acf_changed":false},"product_brand":[],"product_cat":[303],"product_tag":[],"class_list":{"0":"post-75996","1":"product","2":"type-product","3":"status-publish","5":"product_cat-s","6":"pa_packungsgroesse-200ml","8":"first","9":"instock","10":"shipping-taxable","11":"purchasable","12":"product-type-simple"},"acf":[],"_links":{"self":[{"href":"https:\/\/www.hirtenberg-apotheke.at\/katalog\/wp-json\/wp\/v2\/product\/75996","targetHints":{"allow":["GET"]}}],"collection":[{"href":"https:\/\/www.hirtenberg-apotheke.at\/katalog\/wp-json\/wp\/v2\/product"}],"about":[{"href":"https:\/\/www.hirtenberg-apotheke.at\/katalog\/wp-json\/wp\/v2\/types\/product"}],"wp:attachment":[{"href":"https:\/\/www.hirtenberg-apotheke.at\/katalog\/wp-json\/wp\/v2\/media?parent=75996"}],"wp:term":[{"taxonomy":"product_brand","embeddable":true,"href":"https:\/\/www.hirtenberg-apotheke.at\/katalog\/wp-json\/wp\/v2\/product_brand?post=75996"},{"taxonomy":"product_cat","embeddable":true,"href":"https:\/\/www.hirtenberg-apotheke.at\/katalog\/wp-json\/wp\/v2\/product_cat?post=75996"},{"taxonomy":"product_tag","embeddable":true,"href":"https:\/\/www.hirtenberg-apotheke.at\/katalog\/wp-json\/wp\/v2\/product_tag?post=75996"}],"curies":[{"name":"wp","href":"https:\/\/api.w.org\/{rel}","templated":true}]}}