{"id":76094,"date":"2025-11-27T23:38:09","date_gmt":"2025-11-27T22:38:09","guid":{"rendered":"https:\/\/www.hirtenberg-apotheke.at\/katalog\/produkt\/la-roche-posay-anthelios-milch-lsf-50-eco-tube\/"},"modified":"2025-11-27T23:38:23","modified_gmt":"2025-11-27T22:38:23","slug":"la-roche-posay-anthelios-milch-lsf-50-eco-tube","status":"publish","type":"product","link":"https:\/\/www.hirtenberg-apotheke.at\/katalog\/produkt\/la-roche-posay-anthelios-milch-lsf-50-eco-tube\/","title":{"rendered":"La Roche-Posay Anthelios Milch LSF 50+ Eco-Tube"},"content":{"rendered":"<p>Die Anthelios Sonnenpflege Milch LSF 50+ f\u00fcr den K\u00f6rper mit der innovativen Filter-Technologie Mexoplex bietet einen h\u00f6heren UVA-Schutz als die Mindestempfehlung der EU. Zus\u00e4tzlich enth\u00e4lt die Anthelios Sonnenpflege Milch LSF 50 noch hautberuhigendes Thermalwasser aus La Roche-Posay.<\/p>\n","protected":false},"excerpt":{"rendered":"<p>Die Anthelios Sonnenpflege Milch LSF 50+ f\u00fcr den K\u00f6rper mit der innovativen Filter-Technologie Mexoplex bietet einen h\u00f6heren UVA-Schutz als die Mindestempfehlung der EU. Zus\u00e4tzlich enth\u00e4lt die Anthelios Sonnenpflege Milch LSF 50 noch hautberuhigendes Thermalwasser aus La Roche-Posay.<\/p>\n","protected":false},"featured_media":76096,"template":"","meta":{"_acf_changed":false},"product_brand":[692],"product_cat":[317],"product_tag":[],"class_list":{"0":"post-76094","1":"product","2":"type-product","3":"status-publish","4":"has-post-thumbnail","6":"product_brand-la-roche-posay","7":"product_cat-l","8":"pa_packungsgroesse-250ml","10":"first","11":"instock","12":"shipping-taxable","13":"purchasable","14":"product-type-simple"},"acf":[],"_links":{"self":[{"href":"https:\/\/www.hirtenberg-apotheke.at\/katalog\/wp-json\/wp\/v2\/product\/76094","targetHints":{"allow":["GET"]}}],"collection":[{"href":"https:\/\/www.hirtenberg-apotheke.at\/katalog\/wp-json\/wp\/v2\/product"}],"about":[{"href":"https:\/\/www.hirtenberg-apotheke.at\/katalog\/wp-json\/wp\/v2\/types\/product"}],"wp:featuredmedia":[{"embeddable":true,"href":"https:\/\/www.hirtenberg-apotheke.at\/katalog\/wp-json\/wp\/v2\/media\/76096"}],"wp:attachment":[{"href":"https:\/\/www.hirtenberg-apotheke.at\/katalog\/wp-json\/wp\/v2\/media?parent=76094"}],"wp:term":[{"taxonomy":"product_brand","embeddable":true,"href":"https:\/\/www.hirtenberg-apotheke.at\/katalog\/wp-json\/wp\/v2\/product_brand?post=76094"},{"taxonomy":"product_cat","embeddable":true,"href":"https:\/\/www.hirtenberg-apotheke.at\/katalog\/wp-json\/wp\/v2\/product_cat?post=76094"},{"taxonomy":"product_tag","embeddable":true,"href":"https:\/\/www.hirtenberg-apotheke.at\/katalog\/wp-json\/wp\/v2\/product_tag?post=76094"}],"curies":[{"name":"wp","href":"https:\/\/api.w.org\/{rel}","templated":true}]}}