{"id":76225,"date":"2025-11-27T23:41:56","date_gmt":"2025-11-27T22:41:56","guid":{"rendered":"https:\/\/www.hirtenberg-apotheke.at\/katalog\/produkt\/meta-care-osteo-fit\/"},"modified":"2025-11-27T23:42:34","modified_gmt":"2025-11-27T22:42:34","slug":"meta-care-osteo-fit","status":"publish","type":"product","link":"https:\/\/www.hirtenberg-apotheke.at\/katalog\/produkt\/meta-care-osteo-fit\/","title":{"rendered":"META-CARE\u00ae Osteo Fit"},"content":{"rendered":"<p>META-CARE\u00ae Osteo Fit bietet eine umfassende Kombination aus den wichtigen Knochen-N\u00e4hrstoffen Calcium, Magnesium, Vitamin D3 &#038; K2, erg\u00e4nzt durch Bor. Die Mineralstoffe Calcium und Magnesium tragen wesentlich zum Erhalt normaler Knochen und Z\u00e4hne bei. Ein erh\u00f6hter Bedarf kann im Wachstum, durch die Einnahme bestimmter Arzneimittel oder bei intensiver k\u00f6rperlicher Belastung entstehen.META-CARE\u00ae Osteo Fit enth\u00e4lt pflanzliches Calcium aus der Rotalge (Lithothamnium Calcareum) und Magnesium in der gut aufnehmbaren Citrat-Verbindung. Vitamin D ist entscheidend an der Aufnahme und Verwertung von Calcium beteiligt. Zus\u00e4tzlich spielt das Vitamin D, zusammen mit Vitamin K, eine wichtige Rolle zum Erhalt der Knochen. Vitamin D wird zwar mit Hilfe des Sonnenlichts in der Haut gebildet, allerdings kann der Bedarf in unseren Breitengraden durch Eigensynthese oder die Ern\u00e4hrung meist nicht ausreichend gedeckt werden.<\/p>\n","protected":false},"excerpt":{"rendered":"<p>META-CARE\u00ae Osteo Fit bietet eine umfassende Kombination aus den wichtigen Knochen-N\u00e4hrstoffen Calcium, Magnesium, Vitamin D3 &#038; K2, erg\u00e4nzt durch Bor. Die Mineralstoffe Calcium und Magnesium tragen wesentlich zum Erhalt normaler Knochen und Z\u00e4hne bei. Ein erh\u00f6hter Bedarf kann im Wachstum, durch die Einnahme bestimmter Arzneimittel oder bei intensiver k\u00f6rperlicher Belastung entstehen.META-CARE\u00ae Osteo Fit enth\u00e4lt pflanzliches [&hellip;]<\/p>\n","protected":false},"featured_media":76227,"template":"","meta":{"_acf_changed":false},"product_brand":[],"product_cat":[308],"product_tag":[],"class_list":{"0":"post-76225","1":"product","2":"type-product","3":"status-publish","4":"has-post-thumbnail","6":"product_cat-m","7":"pa_packungsgroesse-180-stueck","9":"first","10":"instock","11":"shipping-taxable","12":"purchasable","13":"product-type-simple"},"acf":[],"_links":{"self":[{"href":"https:\/\/www.hirtenberg-apotheke.at\/katalog\/wp-json\/wp\/v2\/product\/76225","targetHints":{"allow":["GET"]}}],"collection":[{"href":"https:\/\/www.hirtenberg-apotheke.at\/katalog\/wp-json\/wp\/v2\/product"}],"about":[{"href":"https:\/\/www.hirtenberg-apotheke.at\/katalog\/wp-json\/wp\/v2\/types\/product"}],"wp:featuredmedia":[{"embeddable":true,"href":"https:\/\/www.hirtenberg-apotheke.at\/katalog\/wp-json\/wp\/v2\/media\/76227"}],"wp:attachment":[{"href":"https:\/\/www.hirtenberg-apotheke.at\/katalog\/wp-json\/wp\/v2\/media?parent=76225"}],"wp:term":[{"taxonomy":"product_brand","embeddable":true,"href":"https:\/\/www.hirtenberg-apotheke.at\/katalog\/wp-json\/wp\/v2\/product_brand?post=76225"},{"taxonomy":"product_cat","embeddable":true,"href":"https:\/\/www.hirtenberg-apotheke.at\/katalog\/wp-json\/wp\/v2\/product_cat?post=76225"},{"taxonomy":"product_tag","embeddable":true,"href":"https:\/\/www.hirtenberg-apotheke.at\/katalog\/wp-json\/wp\/v2\/product_tag?post=76225"}],"curies":[{"name":"wp","href":"https:\/\/api.w.org\/{rel}","templated":true}]}}