{"id":7730,"date":"2025-11-25T13:32:13","date_gmt":"2025-11-25T12:32:13","guid":{"rendered":"https:\/\/www.hirtenberg-apotheke.at\/katalog\/produkt\/makumed-luteinkapseln-mit-omega-3\/"},"modified":"2025-11-25T13:33:04","modified_gmt":"2025-11-25T12:33:04","slug":"makumed-luteinkapseln-mit-omega-3","status":"publish","type":"product","link":"https:\/\/www.hirtenberg-apotheke.at\/katalog\/produkt\/makumed-luteinkapseln-mit-omega-3\/","title":{"rendered":"Makumed LUTEINKAPSELN mit Omega 3"},"content":{"rendered":"<p>Makumed Lutein Kapseln Omega enthalten reines, hochdosiertes Lutein pflanzlicher Herkunft sowie Vitamin E nat\u00fcrlichen Ursprungs zur gezielten Unterst\u00fctzung der nat\u00fcrlichen Schutzmechanismen der Augen. Beugt dem alterbedingten Verlust der Sehsch\u00e4rfe vor.<\/p>\n","protected":false},"excerpt":{"rendered":"<p>Makumed Lutein Kapseln Omega enthalten reines, hochdosiertes Lutein pflanzlicher Herkunft sowie Vitamin E nat\u00fcrlichen Ursprungs zur gezielten Unterst\u00fctzung der nat\u00fcrlichen Schutzmechanismen der Augen. Beugt dem alterbedingten Verlust der Sehsch\u00e4rfe vor.<\/p>\n","protected":false},"featured_media":7732,"template":"","meta":{"_acf_changed":false},"product_brand":[],"product_cat":[308],"product_tag":[],"class_list":{"0":"post-7730","1":"product","2":"type-product","3":"status-publish","4":"has-post-thumbnail","6":"product_cat-m","7":"pa_packungsgroesse-60-stueck","9":"first","10":"instock","11":"shipping-taxable","12":"purchasable","13":"product-type-simple"},"acf":[],"_links":{"self":[{"href":"https:\/\/www.hirtenberg-apotheke.at\/katalog\/wp-json\/wp\/v2\/product\/7730","targetHints":{"allow":["GET"]}}],"collection":[{"href":"https:\/\/www.hirtenberg-apotheke.at\/katalog\/wp-json\/wp\/v2\/product"}],"about":[{"href":"https:\/\/www.hirtenberg-apotheke.at\/katalog\/wp-json\/wp\/v2\/types\/product"}],"wp:featuredmedia":[{"embeddable":true,"href":"https:\/\/www.hirtenberg-apotheke.at\/katalog\/wp-json\/wp\/v2\/media\/7732"}],"wp:attachment":[{"href":"https:\/\/www.hirtenberg-apotheke.at\/katalog\/wp-json\/wp\/v2\/media?parent=7730"}],"wp:term":[{"taxonomy":"product_brand","embeddable":true,"href":"https:\/\/www.hirtenberg-apotheke.at\/katalog\/wp-json\/wp\/v2\/product_brand?post=7730"},{"taxonomy":"product_cat","embeddable":true,"href":"https:\/\/www.hirtenberg-apotheke.at\/katalog\/wp-json\/wp\/v2\/product_cat?post=7730"},{"taxonomy":"product_tag","embeddable":true,"href":"https:\/\/www.hirtenberg-apotheke.at\/katalog\/wp-json\/wp\/v2\/product_tag?post=7730"}],"curies":[{"name":"wp","href":"https:\/\/api.w.org\/{rel}","templated":true}]}}