{"id":78077,"date":"2025-11-28T02:14:04","date_gmt":"2025-11-28T01:14:04","guid":{"rendered":"https:\/\/www.hirtenberg-apotheke.at\/katalog\/produkt\/cerave-regen-handcreme-100-ml\/"},"modified":"2025-11-28T02:14:19","modified_gmt":"2025-11-28T01:14:19","slug":"cerave-regen-handcreme-100-ml","status":"publish","type":"product","link":"https:\/\/www.hirtenberg-apotheke.at\/katalog\/produkt\/cerave-regen-handcreme-100-ml\/","title":{"rendered":"CERAVE REGEN HANDCREME 100 ML"},"content":{"rendered":"<p>Besteht aus einer nicht-fettenden Formel, die trockene, rissige H\u00e4nde intensiv pflegt und die sch\u00fctzende Hautbarriere wiederherstellt. Die Handcreme eignet sich f\u00fcr sehr trockene, raue H\u00e4nde.<\/p>\n","protected":false},"excerpt":{"rendered":"<p>Besteht aus einer nicht-fettenden Formel, die trockene, rissige H\u00e4nde intensiv pflegt und die sch\u00fctzende Hautbarriere wiederherstellt. Die Handcreme eignet sich f\u00fcr sehr trockene, raue H\u00e4nde.<\/p>\n","protected":false},"featured_media":0,"template":"","meta":{"_acf_changed":false},"product_brand":[730],"product_cat":[337],"product_tag":[],"class_list":{"0":"post-78077","1":"product","2":"type-product","3":"status-publish","5":"product_brand-cerave","6":"product_cat-c","7":"pa_packungsgroesse-100ml","9":"first","10":"instock","11":"shipping-taxable","12":"purchasable","13":"product-type-simple"},"acf":[],"_links":{"self":[{"href":"https:\/\/www.hirtenberg-apotheke.at\/katalog\/wp-json\/wp\/v2\/product\/78077","targetHints":{"allow":["GET"]}}],"collection":[{"href":"https:\/\/www.hirtenberg-apotheke.at\/katalog\/wp-json\/wp\/v2\/product"}],"about":[{"href":"https:\/\/www.hirtenberg-apotheke.at\/katalog\/wp-json\/wp\/v2\/types\/product"}],"wp:attachment":[{"href":"https:\/\/www.hirtenberg-apotheke.at\/katalog\/wp-json\/wp\/v2\/media?parent=78077"}],"wp:term":[{"taxonomy":"product_brand","embeddable":true,"href":"https:\/\/www.hirtenberg-apotheke.at\/katalog\/wp-json\/wp\/v2\/product_brand?post=78077"},{"taxonomy":"product_cat","embeddable":true,"href":"https:\/\/www.hirtenberg-apotheke.at\/katalog\/wp-json\/wp\/v2\/product_cat?post=78077"},{"taxonomy":"product_tag","embeddable":true,"href":"https:\/\/www.hirtenberg-apotheke.at\/katalog\/wp-json\/wp\/v2\/product_tag?post=78077"}],"curies":[{"name":"wp","href":"https:\/\/api.w.org\/{rel}","templated":true}]}}