{"id":80403,"date":"2025-11-28T10:11:49","date_gmt":"2025-11-28T09:11:49","guid":{"rendered":"https:\/\/www.hirtenberg-apotheke.at\/katalog\/produkt\/femidoc-mydays-kapseln\/"},"modified":"2025-11-28T10:12:16","modified_gmt":"2025-11-28T09:12:16","slug":"femidoc-mydays-kapseln","status":"publish","type":"product","link":"https:\/\/www.hirtenberg-apotheke.at\/katalog\/produkt\/femidoc-mydays-kapseln\/","title":{"rendered":"femidoc MyDays Kapseln"},"content":{"rendered":"<p>femidoc MyDays ist ein Nahrungserg\u00e4nzungsmittel mit Pflanzenextrakten, Vitamin B6, Vitamin D, Vitamin E und Magnesium. F\u00fcr Wohlbefinden w\u00e4hrend der Menstruation<\/p>\n","protected":false},"excerpt":{"rendered":"<p>femidoc MyDays ist ein Nahrungserg\u00e4nzungsmittel mit Pflanzenextrakten, Vitamin B6, Vitamin D, Vitamin E und Magnesium. F\u00fcr Wohlbefinden w\u00e4hrend der Menstruation<\/p>\n","protected":false},"featured_media":80405,"template":"","meta":{"_acf_changed":false},"product_brand":[],"product_cat":[322],"product_tag":[],"class_list":{"0":"post-80403","1":"product","2":"type-product","3":"status-publish","4":"has-post-thumbnail","6":"product_cat-f","7":"pa_packungsgroesse-20-stueck","9":"first","10":"instock","11":"shipping-taxable","12":"purchasable","13":"product-type-simple"},"acf":[],"_links":{"self":[{"href":"https:\/\/www.hirtenberg-apotheke.at\/katalog\/wp-json\/wp\/v2\/product\/80403","targetHints":{"allow":["GET"]}}],"collection":[{"href":"https:\/\/www.hirtenberg-apotheke.at\/katalog\/wp-json\/wp\/v2\/product"}],"about":[{"href":"https:\/\/www.hirtenberg-apotheke.at\/katalog\/wp-json\/wp\/v2\/types\/product"}],"wp:featuredmedia":[{"embeddable":true,"href":"https:\/\/www.hirtenberg-apotheke.at\/katalog\/wp-json\/wp\/v2\/media\/80405"}],"wp:attachment":[{"href":"https:\/\/www.hirtenberg-apotheke.at\/katalog\/wp-json\/wp\/v2\/media?parent=80403"}],"wp:term":[{"taxonomy":"product_brand","embeddable":true,"href":"https:\/\/www.hirtenberg-apotheke.at\/katalog\/wp-json\/wp\/v2\/product_brand?post=80403"},{"taxonomy":"product_cat","embeddable":true,"href":"https:\/\/www.hirtenberg-apotheke.at\/katalog\/wp-json\/wp\/v2\/product_cat?post=80403"},{"taxonomy":"product_tag","embeddable":true,"href":"https:\/\/www.hirtenberg-apotheke.at\/katalog\/wp-json\/wp\/v2\/product_tag?post=80403"}],"curies":[{"name":"wp","href":"https:\/\/api.w.org\/{rel}","templated":true}]}}